Last updated on 2025-05-22 05:51:20 CEST.
Flavor | Version | Tinstall | Tcheck | Ttotal | Status | Flags |
---|---|---|---|---|---|---|
r-devel-linux-x86_64-debian-clang | 0.9.1 | 37.31 | 25.81 | 63.12 | NOTE | |
r-devel-linux-x86_64-debian-gcc | 0.9.1 | 26.24 | 20.20 | 46.44 | NOTE | |
r-devel-linux-x86_64-fedora-clang | 0.9.1 | 122.06 | OK | |||
r-devel-linux-x86_64-fedora-gcc | 0.9.1 | 115.08 | OK | |||
r-devel-windows-x86_64 | 0.9.1 | 46.00 | 84.00 | 130.00 | OK | |
r-patched-linux-x86_64 | 0.9.1 | 36.25 | 24.55 | 60.80 | OK | |
r-release-linux-x86_64 | 0.9.1 | 33.51 | 24.92 | 58.43 | OK | |
r-release-macos-arm64 | 0.9.1 | 32.00 | OK | |||
r-release-macos-x86_64 | 0.9.1 | 45.00 | OK | |||
r-release-windows-x86_64 | 0.9.1 | 48.00 | 108.00 | 156.00 | OK | |
r-oldrel-macos-arm64 | 0.9.1 | 34.00 | OK | |||
r-oldrel-macos-x86_64 | 0.9.1 | 38.00 | OK | |||
r-oldrel-windows-x86_64 | 0.9.1 | 54.00 | 79.00 | 133.00 | OK |
Version: 0.9.1
Check: CRAN incoming feasibility
Result: NOTE
Maintainer: ‘Markus Jochmann <markus.jochmann@ncl.ac.uk>’
No Authors@R field in DESCRIPTION.
Please add one, modifying
Authors@R: person(given = "Markus",
family = "Jochmann",
role = c("aut", "cre"),
email = "markus.jochmann@ncl.ac.uk")
as necessary.
Flavors: r-devel-linux-x86_64-debian-clang, r-devel-linux-x86_64-debian-gcc