Last updated on 2025-05-22 05:51:20 CEST.
Flavor | Version | Tinstall | Tcheck | Ttotal | Status | Flags |
---|---|---|---|---|---|---|
r-devel-linux-x86_64-debian-clang | 0.2-3 | 4.76 | 55.66 | 60.42 | NOTE | |
r-devel-linux-x86_64-debian-gcc | 0.2-3 | 4.38 | 42.41 | 46.79 | NOTE | |
r-devel-linux-x86_64-fedora-clang | 0.2-3 | 95.90 | NOTE | |||
r-devel-linux-x86_64-fedora-gcc | 0.2-3 | 92.50 | NOTE | |||
r-devel-windows-x86_64 | 0.2-3 | 8.00 | 85.00 | 93.00 | NOTE | |
r-patched-linux-x86_64 | 0.2-3 | 5.62 | 54.40 | 60.02 | NOTE | |
r-release-linux-x86_64 | 0.2-3 | 5.67 | 53.61 | 59.28 | NOTE | |
r-release-macos-arm64 | 0.2-3 | 35.00 | NOTE | |||
r-release-macos-x86_64 | 0.2-3 | 64.00 | NOTE | |||
r-release-windows-x86_64 | 0.2-3 | 9.00 | 94.00 | 103.00 | NOTE | |
r-oldrel-macos-arm64 | 0.2-3 | 32.00 | NOTE | |||
r-oldrel-macos-x86_64 | 0.2-3 | 46.00 | NOTE | |||
r-oldrel-windows-x86_64 | 0.2-3 | 10.00 | 82.00 | 92.00 | NOTE |
Version: 0.2-3
Check: Rd files
Result: NOTE
checkRd: (-1) xwfGridsearch.Rd:27: Lost braces; missing escapes or markup?
27 | \item{iter}{Number of levels in the adaptive grid search. The resolution in b obtained is 2^{-1-iter}.}
| ^
Flavors: r-devel-linux-x86_64-debian-clang, r-devel-linux-x86_64-debian-gcc, r-devel-linux-x86_64-fedora-clang, r-devel-linux-x86_64-fedora-gcc, r-devel-windows-x86_64, r-patched-linux-x86_64, r-release-linux-x86_64, r-release-macos-arm64, r-release-macos-x86_64, r-release-windows-x86_64, r-oldrel-macos-arm64, r-oldrel-macos-x86_64, r-oldrel-windows-x86_64