Last updated on 2025-05-22 05:51:19 CEST.
Flavor | Version | Tinstall | Tcheck | Ttotal | Status | Flags |
---|---|---|---|---|---|---|
r-devel-linux-x86_64-debian-clang | 1.2.8 | 4.77 | 44.17 | 48.94 | OK | |
r-devel-linux-x86_64-debian-gcc | 1.2.8 | 3.14 | 30.60 | 33.74 | ERROR | |
r-devel-linux-x86_64-fedora-clang | 1.2.8 | 75.85 | OK | |||
r-devel-linux-x86_64-fedora-gcc | 1.2.8 | 85.39 | OK | |||
r-devel-windows-x86_64 | 1.2.8 | 7.00 | 215.00 | 222.00 | OK | |
r-patched-linux-x86_64 | 1.2.8 | 5.04 | 42.15 | 47.19 | OK | |
r-release-linux-x86_64 | 1.2.8 | 4.44 | 42.64 | 47.08 | OK | |
r-release-macos-arm64 | 1.2.8 | 180.00 | OK | |||
r-release-macos-x86_64 | 1.2.8 | 187.00 | OK | |||
r-release-windows-x86_64 | 1.2.8 | 7.00 | 267.00 | 274.00 | ERROR | |
r-oldrel-macos-arm64 | 1.2.8 | 187.00 | OK | |||
r-oldrel-macos-x86_64 | 1.2.8 | 210.00 | OK | |||
r-oldrel-windows-x86_64 | 1.2.8 | 9.00 | 119.00 | 128.00 | ERROR |
Version: 1.2.8
Check: re-building of vignette outputs
Result: ERROR
Error(s) in re-building vignettes:
...
--- re-building ‘wiki_utils.Rmd’ using rmarkdown
INFO: The number of entities (348) exceeds chunksize (50).
INFO: Requesting elements from 1 to 50
INFO: Requesting elements from 51 to 100
INFO: Requesting elements from 101 to 150
INFO: Requesting elements from 151 to 200
INFO: Requesting elements from 201 to 250
INFO: Requesting elements from 251 to 300
INFO: Requesting elements from 301 to 348
INFO: Searching labels, latitude and longitude coordinates, and countries for places.
INFO: Searching labels for Wikidata entities.
INFO: Getting the number of views of 'Miguel de Cervantes' page.
INFO: Getting the number of views of 'Miguel de Cerbantes' page.
INFO: Getting the number of views of 'Miguel de Cervantes y Saavedra' page.
INFO: Getting the number of views of 'Miguel De Cervantes y Saavedra' page.
INFO: Getting the number of views of 'El manco de Lepanto' page.
INFO: Getting the number of views of 'Miguel de cervantes' page.
INFO: Getting the number of views of 'Manco de Lepanto' page.
INFO: Getting the number of views of 'Don Miguel de Cervantes' page.
INFO: Getting the number of views of 'Cervantino' page.
INFO: Getting the number of views of 'Cervantina' page.
INFO: Getting the number of views of 'Miguel de Cervantes Saavedra' page.
INFO: Getting the number of views of 'Cervantes Saavedra, Miguel de' page.
INFO: Getting the number of views of 'Miguel de Cervantes y Cortinas' page.
INFO: Getting the number of views of 'Cervantesco' page.
INFO: Getting the number of views of 'Cervántico' page.
INFO: Getting the number of views of 'Cervantes' page.
INFO: Getting information of the 'Miguel de Cervantes' page.
Quitting from wiki_utils.Rmd:289-297 [unnamed-chunk-22]
~~~~~~~~~~~~~~~~~~~~~~~~~~~~~~~~~~~~~~~~~~~~~~~~~~~~~~~~~~~~~~~~~~~~~~~~~~~~~~~~
<error/rlang_error>
Error in `m_XtoolsInfoDefault()`:
! Gateway Timeout (HTTP 504).
---
Backtrace:
▆
1. └─wikiTools::m_XtoolsInfo(...)
2. └─wikiTools:::m_XtoolsInfoDefault(article, infotype, project, redirects)
3. └─httr::stop_for_status(r)
~~~~~~~~~~~~~~~~~~~~~~~~~~~~~~~~~~~~~~~~~~~~~~~~~~~~~~~~~~~~~~~~~~~~~~~~~~~~~~~~
Error: processing vignette 'wiki_utils.Rmd' failed with diagnostics:
Gateway Timeout (HTTP 504).
--- failed re-building ‘wiki_utils.Rmd’
SUMMARY: processing the following file failed:
‘wiki_utils.Rmd’
Error: Vignette re-building failed.
Execution halted
Flavor: r-devel-linux-x86_64-debian-gcc
Version: 1.2.8
Check: re-building of vignette outputs
Result: ERROR
Error(s) in re-building vignettes:
--- re-building 'wiki_utils.Rmd' using rmarkdown
INFO: The number of entities (348) exceeds chunksize (50).
INFO: Requesting elements from 1 to 50
INFO: Requesting elements from 51 to 100
INFO: Requesting elements from 101 to 150
INFO: Requesting elements from 151 to 200
INFO: Requesting elements from 201 to 250
INFO: Requesting elements from 251 to 300
INFO: Requesting elements from 301 to 348
INFO: Searching labels, latitude and longitude coordinates, and countries for places.
INFO: Searching labels for Wikidata entities.
INFO: Getting the number of views of 'Miguel de Cervantes' page.
INFO: Getting the number of views of 'Miguel de Cerbantes' page.
INFO: Getting the number of views of 'Miguel de Cervantes y Saavedra' page.
INFO: Getting the number of views of 'Miguel De Cervantes y Saavedra' page.
INFO: Getting the number of views of 'El manco de Lepanto' page.
INFO: Getting the number of views of 'Miguel de cervantes' page.
INFO: Getting the number of views of 'Manco de Lepanto' page.
INFO: Getting the number of views of 'Don Miguel de Cervantes' page.
INFO: Getting the number of views of 'Cervantino' page.
INFO: Getting the number of views of 'Cervantina' page.
INFO: Getting the number of views of 'Miguel de Cervantes Saavedra' page.
INFO: Getting the number of views of 'Cervantes Saavedra, Miguel de' page.
INFO: Getting the number of views of 'Miguel de Cervantes y Cortinas' page.
INFO: Getting the number of views of 'Cervantesco' page.
INFO: Getting the number of views of 'Cervántico' page.
INFO: Getting the number of views of 'Cervantes' page.
INFO: Getting information of the 'Miguel de Cervantes' page.
Quitting from wiki_utils.Rmd:289-297 [unnamed-chunk-22]
~~~~~~~~~~~~~~~~~~~~~~~~~~~~~~~~~~~~~~~~~~~~~~~~~~~~~~~~~~~~~~~~~~~~~~~~~~~~~~~~
<error/rlang_error>
Error in `m_XtoolsInfoDefault()`:
! Gateway Timeout (HTTP 504).
---
Backtrace:
▆
1. └─wikiTools::m_XtoolsInfo(...)
2. └─wikiTools:::m_XtoolsInfoDefault(article, infotype, project, redirects)
3. └─httr::stop_for_status(r)
~~~~~~~~~~~~~~~~~~~~~~~~~~~~~~~~~~~~~~~~~~~~~~~~~~~~~~~~~~~~~~~~~~~~~~~~~~~~~~~~
Error: processing vignette 'wiki_utils.Rmd' failed with diagnostics:
Gateway Timeout (HTTP 504).
--- failed re-building 'wiki_utils.Rmd'
SUMMARY: processing the following file failed:
'wiki_utils.Rmd'
Error: Vignette re-building failed.
Execution halted
Flavor: r-release-windows-x86_64
Version: 1.2.8
Check: re-building of vignette outputs
Result: ERROR
Error(s) in re-building vignettes:
--- re-building 'wiki_utils.Rmd' using rmarkdown
Quitting from wiki_utils.Rmd:151-155 [unnamed-chunk-10]
~~~~~~~~~~~~~~~~~~~~~~~~~~~~~~~~~~~~~~~~~~~~~~~~~~~~~~~~~~~~~~~~~~~~~~~~~~~~~~~~
<error/rlang_error>
Error in `if (r[entity, "count"] > 1) ...`:
! missing value where TRUE/FALSE needed
---
Backtrace:
▆
1. └─wikiTools::w_Wikipedias(entity_list = l, wikilangs = "es|en|fr")
~~~~~~~~~~~~~~~~~~~~~~~~~~~~~~~~~~~~~~~~~~~~~~~~~~~~~~~~~~~~~~~~~~~~~~~~~~~~~~~~
Error: processing vignette 'wiki_utils.Rmd' failed with diagnostics:
missing value where TRUE/FALSE needed
--- failed re-building 'wiki_utils.Rmd'
SUMMARY: processing the following file failed:
'wiki_utils.Rmd'
Error: Vignette re-building failed.
Execution halted
Flavor: r-oldrel-windows-x86_64