Last updated on 2025-05-22 05:51:19 CEST.
Flavor | Version | Tinstall | Tcheck | Ttotal | Status | Flags |
---|---|---|---|---|---|---|
r-devel-linux-x86_64-debian-clang | 0.2.1 | 4.74 | 57.36 | 62.10 | NOTE | |
r-devel-linux-x86_64-debian-gcc | 0.2.1 | 3.78 | 36.18 | 39.96 | NOTE | |
r-devel-linux-x86_64-fedora-clang | 0.2.1 | 94.61 | NOTE | |||
r-devel-linux-x86_64-fedora-gcc | 0.2.1 | 112.81 | NOTE | |||
r-devel-windows-x86_64 | 0.2.1 | 11.00 | 91.00 | 102.00 | NOTE | |
r-patched-linux-x86_64 | 0.2.1 | 4.58 | 55.43 | 60.01 | NOTE | |
r-release-linux-x86_64 | 0.2.1 | 4.20 | 55.71 | 59.91 | NOTE | |
r-release-macos-arm64 | 0.2.1 | 50.00 | NOTE | |||
r-release-macos-x86_64 | 0.2.1 | 78.00 | NOTE | |||
r-release-windows-x86_64 | 0.2.1 | 12.00 | 99.00 | 111.00 | NOTE | |
r-oldrel-macos-arm64 | 0.2.1 | 43.00 | OK | |||
r-oldrel-macos-x86_64 | 0.2.1 | 55.00 | OK | |||
r-oldrel-windows-x86_64 | 0.2.1 | 10.00 | 92.00 | 102.00 | OK |
Version: 0.2.1
Check: compiled code
Result: NOTE
File ‘warp/libs/warp.so’:
Found non-API calls to R: ‘OBJECT’, ‘Rf_findVarInFrame3’,
‘STRING_PTR’
Compiled code should not call non-API entry points in R.
See ‘Writing portable packages’ in the ‘Writing R Extensions’ manual,
and section ‘Moving into C API compliance’ for issues with the use of
non-API entry points.
Flavors: r-devel-linux-x86_64-debian-clang, r-devel-linux-x86_64-debian-gcc, r-devel-linux-x86_64-fedora-clang, r-devel-linux-x86_64-fedora-gcc, r-patched-linux-x86_64, r-release-linux-x86_64, r-release-macos-arm64, r-release-macos-x86_64
Version: 0.2.1
Check: compiled code
Result: NOTE
File 'warp/libs/x64/warp.dll':
Found non-API calls to R: 'OBJECT', 'Rf_findVarInFrame3',
'STRING_PTR'
Compiled code should not call non-API entry points in R.
See 'Writing portable packages' in the 'Writing R Extensions' manual,
and section 'Moving into C API compliance' for issues with the use of
non-API entry points.
Flavors: r-devel-windows-x86_64, r-release-windows-x86_64