Last updated on 2025-05-22 05:51:19 CEST.
Flavor | Version | Tinstall | Tcheck | Ttotal | Status | Flags |
---|---|---|---|---|---|---|
r-devel-linux-x86_64-debian-clang | 0.1.2 | 2.85 | 27.41 | 30.26 | OK | |
r-devel-linux-x86_64-debian-gcc | 0.1.2 | 2.02 | 21.21 | 23.23 | OK | |
r-devel-linux-x86_64-fedora-clang | 0.1.2 | 45.92 | OK | |||
r-devel-linux-x86_64-fedora-gcc | 0.1.2 | 46.57 | OK | |||
r-devel-windows-x86_64 | 0.1.2 | 5.00 | 84.00 | 89.00 | OK | |
r-patched-linux-x86_64 | 0.1.2 | 3.16 | 25.73 | 28.89 | OK | |
r-release-linux-x86_64 | 0.1.2 | 2.78 | 25.62 | 28.40 | OK | |
r-release-macos-arm64 | 0.1.2 | 31.00 | OK | |||
r-release-macos-x86_64 | 0.1.2 | 30.00 | OK | |||
r-release-windows-x86_64 | 0.1.2 | 5.00 | 100.00 | 105.00 | OK | |
r-oldrel-macos-arm64 | 0.1.2 | 21.00 | NOTE | |||
r-oldrel-macos-x86_64 | 0.1.2 | 27.00 | NOTE | |||
r-oldrel-windows-x86_64 | 0.1.2 | 6.00 | 64.00 | 70.00 | NOTE |
Version: 0.1.2
Check: LazyData
Result: NOTE
'LazyData' is specified without a 'data' directory
Flavors: r-oldrel-macos-arm64, r-oldrel-macos-x86_64, r-oldrel-windows-x86_64