CRAN Package Check Results for Package uniReg

Last updated on 2025-05-22 05:51:19 CEST.

Flavor Version Tinstall Tcheck Ttotal Status Flags
r-devel-linux-x86_64-debian-clang 1.1 5.42 59.54 64.96 NOTE
r-devel-linux-x86_64-debian-gcc 1.1 4.29 44.93 49.22 NOTE
r-devel-linux-x86_64-fedora-clang 1.1 104.80 OK
r-devel-linux-x86_64-fedora-gcc 1.1 101.57 OK
r-devel-windows-x86_64 1.1 9.00 106.00 115.00 OK
r-patched-linux-x86_64 1.1 5.35 57.24 62.59 OK
r-release-linux-x86_64 1.1 4.87 57.54 62.41 OK
r-release-macos-arm64 1.1 43.00 OK
r-release-macos-x86_64 1.1 59.00 OK
r-release-windows-x86_64 1.1 8.00 123.00 131.00 OK
r-oldrel-macos-arm64 1.1 39.00 OK
r-oldrel-macos-x86_64 1.1 50.00 OK
r-oldrel-windows-x86_64 1.1 10.00 103.00 113.00 OK

Check Details

Version: 1.1
Check: CRAN incoming feasibility
Result: NOTE Maintainer: ‘Claudia Koellmann <koellmann@statistik.tu-dortmund.de>’ No Authors@R field in DESCRIPTION. Please add one, modifying Authors@R: person(given = "Claudia", family = "Koellmann", role = c("aut", "cre"), email = "koellmann@statistik.tu-dortmund.de") as necessary. Flavors: r-devel-linux-x86_64-debian-clang, r-devel-linux-x86_64-debian-gcc