Last updated on 2025-05-23 05:52:42 CEST.
Flavor | Version | Tinstall | Tcheck | Ttotal | Status | Flags |
---|---|---|---|---|---|---|
r-devel-linux-x86_64-debian-clang | 0.1.1 | 5.74 | 56.50 | 62.24 | NOTE | |
r-devel-linux-x86_64-debian-gcc | 0.1.1 | 4.12 | 39.90 | 44.02 | NOTE | |
r-devel-linux-x86_64-fedora-clang | 0.1.1 | 99.58 | NOTE | |||
r-devel-linux-x86_64-fedora-gcc | 0.1.1 | 92.63 | NOTE | |||
r-devel-windows-x86_64 | 0.1.1 | 8.00 | 70.00 | 78.00 | NOTE | |
r-patched-linux-x86_64 | 0.1.1 | 6.12 | 52.79 | 58.91 | NOTE | |
r-release-linux-x86_64 | 0.1.1 | 6.13 | 53.00 | 59.13 | NOTE | |
r-release-macos-arm64 | 0.1.1 | 29.00 | NOTE | |||
r-release-macos-x86_64 | 0.1.1 | 60.00 | NOTE | |||
r-release-windows-x86_64 | 0.1.1 | 8.00 | 70.00 | 78.00 | NOTE | |
r-oldrel-macos-arm64 | 0.1.1 | 28.00 | OK | |||
r-oldrel-macos-x86_64 | 0.1.1 | 56.00 | OK | |||
r-oldrel-windows-x86_64 | 0.1.1 | 10.00 | 82.00 | 92.00 | OK |
Version: 0.1.1
Check: DESCRIPTION meta-information
Result: NOTE
Missing dependency on R >= 4.1.0 because package code uses the pipe
|> or function shorthand \(...) syntax added in R 4.1.0.
File(s) using such syntax:
‘readtextgrid.R’
Flavors: r-devel-linux-x86_64-debian-clang, r-devel-linux-x86_64-debian-gcc, r-devel-linux-x86_64-fedora-clang, r-devel-linux-x86_64-fedora-gcc, r-devel-windows-x86_64, r-patched-linux-x86_64, r-release-linux-x86_64, r-release-macos-arm64, r-release-macos-x86_64, r-release-windows-x86_64