Last updated on 2025-05-22 05:51:18 CEST.
Flavor | Version | Tinstall | Tcheck | Ttotal | Status | Flags |
---|---|---|---|---|---|---|
r-devel-linux-x86_64-debian-clang | 1.1.0 | 7.39 | 57.66 | 65.05 | OK | |
r-devel-linux-x86_64-debian-gcc | 1.1.0 | 5.20 | 42.32 | 47.52 | OK | |
r-devel-linux-x86_64-fedora-clang | 1.1.0 | 105.42 | OK | |||
r-devel-linux-x86_64-fedora-gcc | 1.1.0 | 97.91 | OK | |||
r-devel-windows-x86_64 | 1.1.0 | 9.00 | 106.00 | 115.00 | OK | |
r-patched-linux-x86_64 | 1.1.0 | 6.17 | 54.43 | 60.60 | OK | |
r-release-linux-x86_64 | 1.1.0 | 6.69 | 54.95 | 61.64 | OK | |
r-release-macos-arm64 | 1.1.0 | 32.00 | OK | |||
r-release-macos-x86_64 | 1.1.0 | 56.00 | OK | |||
r-release-windows-x86_64 | 1.1.0 | 11.00 | 125.00 | 136.00 | OK | |
r-oldrel-macos-arm64 | 1.1.0 | 32.00 | NOTE | |||
r-oldrel-macos-x86_64 | 1.1.0 | 76.00 | NOTE | |||
r-oldrel-windows-x86_64 | 1.1.0 | 10.00 | 95.00 | 105.00 | NOTE |
Version: 1.1.0
Check: package dependencies
Result: NOTE
Packages suggested but not available for checking: 'rrelaxiv', 'gurobi'
Flavors: r-oldrel-macos-arm64, r-oldrel-macos-x86_64, r-oldrel-windows-x86_64