Last updated on 2025-05-22 05:51:18 CEST.
Flavor | Version | Tinstall | Tcheck | Ttotal | Status | Flags |
---|---|---|---|---|---|---|
r-devel-linux-x86_64-debian-clang | 0.3.1 | 6.33 | 62.43 | 68.76 | OK | |
r-devel-linux-x86_64-debian-gcc | 0.3.1 | 5.37 | 44.72 | 50.09 | OK | |
r-devel-linux-x86_64-fedora-clang | 0.3.1 | 101.46 | OK | |||
r-devel-linux-x86_64-fedora-gcc | 0.3.1 | 110.78 | OK | |||
r-devel-windows-x86_64 | 0.3.1 | 8.00 | 103.00 | 111.00 | OK | |
r-patched-linux-x86_64 | 0.3.1 | 5.57 | 53.53 | 59.10 | OK | |
r-release-linux-x86_64 | 0.3.1 | 5.72 | 53.43 | 59.15 | OK | |
r-release-macos-arm64 | 0.3.1 | 83.00 | OK | |||
r-release-macos-x86_64 | 0.3.1 | 114.00 | OK | |||
r-release-windows-x86_64 | 0.3.1 | 8.00 | 109.00 | 117.00 | OK | |
r-oldrel-macos-arm64 | 0.3.1 | 62.00 | NOTE | |||
r-oldrel-macos-x86_64 | 0.3.1 | 144.00 | NOTE | |||
r-oldrel-windows-x86_64 | 0.3.1 | 10.00 | 104.00 | 114.00 | NOTE |
Version: 0.3.1
Check: installed package size
Result: NOTE
installed size is 17.7Mb
sub-directories of 1Mb or more:
data 1.3Mb
doc 1.3Mb
extdata 14.8Mb
Flavors: r-oldrel-macos-arm64, r-oldrel-macos-x86_64, r-oldrel-windows-x86_64