Last updated on 2025-05-23 05:52:42 CEST.
Flavor | Version | Tinstall | Tcheck | Ttotal | Status | Flags |
---|---|---|---|---|---|---|
r-devel-linux-x86_64-debian-clang | 0.1.0 | 31.97 | 30.86 | 62.83 | OK | |
r-devel-linux-x86_64-debian-gcc | 0.1.0 | 21.03 | 24.74 | 45.77 | OK | |
r-devel-linux-x86_64-fedora-clang | 0.1.0 | 117.47 | OK | |||
r-devel-linux-x86_64-fedora-gcc | 0.1.0 | 112.90 | OK | |||
r-devel-windows-x86_64 | 0.1.0 | 41.00 | 101.00 | 142.00 | OK | |
r-patched-linux-x86_64 | 0.1.0 | 28.17 | 30.72 | 58.89 | OK | |
r-release-linux-x86_64 | 0.1.0 | 29.82 | 30.50 | 60.32 | OK | |
r-release-macos-arm64 | 0.1.0 | 36.00 | OK | |||
r-release-macos-x86_64 | 0.1.0 | 52.00 | OK | |||
r-release-windows-x86_64 | 0.1.0 | 39.00 | 100.00 | 139.00 | OK | |
r-oldrel-macos-arm64 | 0.1.0 | 34.00 | NOTE | |||
r-oldrel-macos-x86_64 | 0.1.0 | 41.00 | NOTE | |||
r-oldrel-windows-x86_64 | 0.1.0 | 43.00 | 81.00 | 124.00 | OK |
Version: 0.1.0
Check: installed package size
Result: NOTE
installed size is 7.9Mb
sub-directories of 1Mb or more:
libs 7.8Mb
Flavors: r-oldrel-macos-arm64, r-oldrel-macos-x86_64