Last updated on 2025-05-22 05:51:18 CEST.
Flavor | Version | Tinstall | Tcheck | Ttotal | Status | Flags |
---|---|---|---|---|---|---|
r-devel-linux-x86_64-debian-clang | 1.0.1 | 1.95 | 23.57 | 25.52 | NOTE | |
r-devel-linux-x86_64-debian-gcc | 1.0.1 | 1.77 | 19.35 | 21.12 | NOTE | |
r-devel-linux-x86_64-fedora-clang | 1.0.1 | 37.97 | NOTE | |||
r-devel-linux-x86_64-fedora-gcc | 1.0.1 | 38.03 | NOTE | |||
r-devel-windows-x86_64 | 1.0.1 | 5.00 | 66.00 | 71.00 | OK | |
r-patched-linux-x86_64 | 1.0.1 | 2.55 | 21.50 | 24.05 | OK | |
r-release-linux-x86_64 | 1.0.1 | 1.96 | 21.54 | 23.50 | OK | |
r-release-macos-arm64 | 1.0.1 | 20.00 | OK | |||
r-release-macos-x86_64 | 1.0.1 | 28.00 | OK | |||
r-release-windows-x86_64 | 1.0.1 | 7.00 | 67.00 | 74.00 | OK | |
r-oldrel-macos-arm64 | 1.0.1 | 18.00 | OK | |||
r-oldrel-macos-x86_64 | 1.0.1 | 33.00 | OK | |||
r-oldrel-windows-x86_64 | 1.0.1 | 4.00 | 51.00 | 55.00 | OK |
Version: 1.0.1
Check: CRAN incoming feasibility
Result: NOTE
Maintainer: ‘Abedrahim Ben rebia <b.abedrahim@tomba.io>’
No Authors@R field in DESCRIPTION.
Please add one, modifying
Authors@R: c(person(given = c("Abedrahim", "Ben"),
family = "rebia",
role = c("ctb", "aut", "cre"),
email = "b.abedrahim@tomba.io"),
person(family = "Tomba.io",
role = c("cph", "aut")))
as necessary.
Flavors: r-devel-linux-x86_64-debian-clang, r-devel-linux-x86_64-debian-gcc
Version: 1.0.1
Check: dependencies in R code
Result: NOTE
Namespace in Imports field not imported from: ‘testthat’
All declared Imports should be used.
Flavors: r-devel-linux-x86_64-fedora-clang, r-devel-linux-x86_64-fedora-gcc