Last updated on 2025-05-23 05:52:41 CEST.
Flavor | Version | Tinstall | Tcheck | Ttotal | Status | Flags |
---|---|---|---|---|---|---|
r-devel-linux-x86_64-debian-clang | 0.1.0 | 1.69 | 24.50 | 26.19 | OK | |
r-devel-linux-x86_64-debian-gcc | 0.1.0 | 1.65 | 20.58 | 22.23 | OK | |
r-devel-linux-x86_64-fedora-clang | 0.1.0 | 40.96 | OK | |||
r-devel-linux-x86_64-fedora-gcc | 0.1.0 | 38.32 | OK | |||
r-devel-windows-x86_64 | 0.1.0 | 4.00 | 88.00 | 92.00 | OK | |
r-patched-linux-x86_64 | 0.1.0 | 2.24 | 22.67 | 24.91 | OK | |
r-release-linux-x86_64 | 0.1.0 | 2.56 | 22.56 | 25.12 | OK | |
r-release-macos-arm64 | 0.1.0 | 19.00 | OK | |||
r-release-macos-x86_64 | 0.1.0 | 28.00 | OK | |||
r-release-windows-x86_64 | 0.1.0 | 4.00 | 81.00 | 85.00 | OK | |
r-oldrel-macos-arm64 | 0.1.0 | 16.00 | NOTE | |||
r-oldrel-macos-x86_64 | 0.1.0 | 24.00 | NOTE | |||
r-oldrel-windows-x86_64 | 0.1.0 | 4.00 | 48.00 | 52.00 | NOTE |
Version: 0.1.0
Check: LazyData
Result: NOTE
'LazyData' is specified without a 'data' directory
Flavors: r-oldrel-macos-arm64, r-oldrel-macos-x86_64, r-oldrel-windows-x86_64