CRAN Package Check Results for Package tidygapminder

Last updated on 2025-05-23 05:52:41 CEST.

Flavor Version Tinstall Tcheck Ttotal Status Flags
r-devel-linux-x86_64-debian-clang 0.1.1 1.75 28.10 29.85 OK
r-devel-linux-x86_64-debian-gcc 0.1.1 1.29 22.09 23.38 OK
r-devel-linux-x86_64-fedora-clang 0.1.1 45.50 NOTE
r-devel-linux-x86_64-fedora-gcc 0.1.1 57.16 NOTE
r-devel-windows-x86_64 0.1.1 6.00 90.00 96.00 OK
r-patched-linux-x86_64 0.1.1 1.74 25.49 27.23 OK
r-release-linux-x86_64 0.1.1 1.71 25.39 27.10 OK
r-release-macos-arm64 0.1.1 24.00 OK
r-release-macos-x86_64 0.1.1 46.00 OK
r-release-windows-x86_64 0.1.1 4.00 75.00 79.00 OK
r-oldrel-macos-arm64 0.1.1 26.00 NOTE
r-oldrel-macos-x86_64 0.1.1 36.00 NOTE
r-oldrel-windows-x86_64 0.1.1 4.00 53.00 57.00 NOTE

Check Details

Version: 0.1.1
Check: dependencies in R code
Result: NOTE Namespace in Imports field not imported from: ‘dplyr’ All declared Imports should be used. Flavors: r-devel-linux-x86_64-fedora-clang, r-devel-linux-x86_64-fedora-gcc

Version: 0.1.1
Check: LazyData
Result: NOTE 'LazyData' is specified without a 'data' directory Flavors: r-oldrel-macos-arm64, r-oldrel-macos-x86_64, r-oldrel-windows-x86_64