Last updated on 2025-05-22 05:51:17 CEST.
Flavor | Version | Tinstall | Tcheck | Ttotal | Status | Flags |
---|---|---|---|---|---|---|
r-devel-linux-x86_64-debian-clang | 0.1.0 | 8.77 | 80.88 | 89.65 | NOTE | |
r-devel-linux-x86_64-debian-gcc | 0.1.0 | 7.30 | 55.42 | 62.72 | NOTE | |
r-devel-linux-x86_64-fedora-clang | 0.1.0 | 138.98 | OK | |||
r-devel-linux-x86_64-fedora-gcc | 0.1.0 | 128.79 | OK | |||
r-devel-windows-x86_64 | 0.1.0 | 11.00 | 101.00 | 112.00 | OK | |
r-patched-linux-x86_64 | 0.1.0 | 9.43 | 72.52 | 81.95 | OK | |
r-release-linux-x86_64 | 0.1.0 | 9.73 | 73.99 | 83.72 | OK | |
r-release-macos-arm64 | 0.1.0 | 39.00 | OK | |||
r-release-macos-x86_64 | 0.1.0 | 78.00 | OK | |||
r-release-windows-x86_64 | 0.1.0 | 11.00 | 109.00 | 120.00 | OK | |
r-oldrel-macos-arm64 | 0.1.0 | 40.00 | OK | |||
r-oldrel-macos-x86_64 | 0.1.0 | 62.00 | OK | |||
r-oldrel-windows-x86_64 | 0.1.0 | 12.00 | 104.00 | 116.00 | OK |
Version: 0.1.0
Check: CRAN incoming feasibility
Result: NOTE
Maintainer: ‘Xuefei Jia <xuefeij.ai@gmail.com>’
No Authors@R field in DESCRIPTION.
Please add one, modifying
Authors@R: person(given = "Xuefei",
family = "Jia",
role = c("aut", "cre"),
email = "xuefeij.ai@gmail.com")
as necessary.
Flavors: r-devel-linux-x86_64-debian-clang, r-devel-linux-x86_64-debian-gcc