Last updated on 2025-05-22 05:51:17 CEST.
Flavor | Version | Tinstall | Tcheck | Ttotal | Status | Flags |
---|---|---|---|---|---|---|
r-devel-linux-x86_64-debian-clang | 0.1-5 | 9.62 | 124.49 | 134.11 | NOTE | |
r-devel-linux-x86_64-debian-gcc | 0.1-5 | 6.60 | 88.09 | 94.69 | NOTE | |
r-devel-linux-x86_64-fedora-clang | 0.1-5 | 211.82 | OK | |||
r-devel-linux-x86_64-fedora-gcc | 0.1-5 | 221.54 | OK | |||
r-devel-windows-x86_64 | 0.1-5 | 12.00 | 145.00 | 157.00 | NOTE | |
r-patched-linux-x86_64 | 0.1-5 | 9.96 | 117.35 | 127.31 | NOTE | |
r-release-linux-x86_64 | 0.1-5 | 9.93 | 118.99 | 128.92 | NOTE | |
r-release-macos-arm64 | 0.1-5 | 63.00 | OK | |||
r-release-macos-x86_64 | 0.1-5 | 123.00 | OK | |||
r-release-windows-x86_64 | 0.1-5 | 12.00 | 162.00 | 174.00 | NOTE | |
r-oldrel-macos-arm64 | 0.1-5 | 61.00 | OK | |||
r-oldrel-macos-x86_64 | 0.1-5 | 100.00 | OK | |||
r-oldrel-windows-x86_64 | 0.1-5 | 16.00 | 166.00 | 182.00 | OK |
Version: 0.1-5
Check: Rd cross-references
Result: NOTE
Found the following Rd file(s) with Rd \link{} targets missing package
anchors:
LearnerList.Rd: ctree
accuracy.Rd: classAgreement
stabletree-coercion.Rd: randomForest, RandomForest-class, cforest,
ranger
stabletree.Rd: as.party
Please provide package anchors for all Rd \link{} targets not in the
package itself and the base packages.
Flavors: r-devel-linux-x86_64-debian-clang, r-devel-linux-x86_64-debian-gcc, r-devel-windows-x86_64, r-patched-linux-x86_64, r-release-linux-x86_64, r-release-windows-x86_64