Last updated on 2025-10-29 05:50:25 CET.
| Flavor | Version | Tinstall | Tcheck | Ttotal | Status | Flags | 
|---|---|---|---|---|---|---|
| r-devel-linux-x86_64-debian-clang | 0.1.0 | 4.40 | 35.51 | 39.91 | NOTE | |
| r-devel-linux-x86_64-debian-gcc | 0.1.0 | 3.55 | 27.39 | 30.94 | NOTE | |
| r-devel-linux-x86_64-fedora-clang | 0.1.0 | 10.00 | 50.59 | 60.59 | OK | |
| r-devel-linux-x86_64-fedora-gcc | 0.1.0 | 56.71 | OK | |||
| r-devel-windows-x86_64 | 0.1.0 | 6.00 | 51.00 | 57.00 | OK | |
| r-patched-linux-x86_64 | 0.1.0 | 4.76 | 34.27 | 39.03 | OK | |
| r-release-linux-x86_64 | 0.1.0 | 4.38 | 34.89 | 39.27 | OK | |
| r-release-macos-arm64 | 0.1.0 | 2.00 | 22.00 | 24.00 | OK | |
| r-release-macos-x86_64 | 0.1.0 | 4.00 | 34.00 | 38.00 | OK | |
| r-release-windows-x86_64 | 0.1.0 | 7.00 | 54.00 | 61.00 | OK | |
| r-oldrel-macos-arm64 | 0.1.0 | 2.00 | 19.00 | 21.00 | OK | |
| r-oldrel-macos-x86_64 | 0.1.0 | 3.00 | 28.00 | 31.00 | OK | |
| r-oldrel-windows-x86_64 | 0.1.0 | 7.00 | 62.00 | 69.00 | OK | 
Version: 0.1.0
Check: CRAN incoming feasibility
Result: NOTE
  Maintainer: ‘Wilson Freitas <wilson.freitas@gmail.com>’
  
  No Authors@R field in DESCRIPTION.
  Please add one, modifying
    Authors@R: person(given = "Wilson",
                      family = "Freitas",
                      role = c("aut", "cre"),
                      email = "wilson.freitas@gmail.com")
  as necessary.
Flavors: r-devel-linux-x86_64-debian-clang, r-devel-linux-x86_64-debian-gcc