Last updated on 2025-05-22 05:51:17 CEST.
Flavor | Version | Tinstall | Tcheck | Ttotal | Status | Flags |
---|---|---|---|---|---|---|
r-devel-linux-x86_64-debian-clang | 0.5.4 | 29.33 | 49.05 | 78.38 | OK | |
r-devel-linux-x86_64-debian-gcc | 0.5.4 | 20.56 | 39.44 | 60.00 | OK | |
r-devel-linux-x86_64-fedora-clang | 0.5.4 | 131.74 | OK | |||
r-devel-linux-x86_64-fedora-gcc | 0.5.4 | 149.34 | OK | |||
r-devel-windows-x86_64 | 0.5.4 | 36.00 | 112.00 | 148.00 | OK | |
r-patched-linux-x86_64 | 0.5.4 | 30.64 | 46.23 | 76.87 | OK | |
r-release-linux-x86_64 | 0.5.4 | 28.90 | 46.35 | 75.25 | OK | |
r-release-macos-arm64 | 0.5.4 | 54.00 | OK | |||
r-release-macos-x86_64 | 0.5.4 | 73.00 | OK | |||
r-release-windows-x86_64 | 0.5.4 | 34.00 | 134.00 | 168.00 | OK | |
r-oldrel-macos-arm64 | 0.5.4 | 87.00 | NOTE | |||
r-oldrel-macos-x86_64 | 0.5.4 | 145.00 | NOTE | |||
r-oldrel-windows-x86_64 | 0.5.4 | 41.00 | 105.00 | 146.00 | OK |
Version: 0.5.4
Check: installed package size
Result: NOTE
installed size is 5.1Mb
sub-directories of 1Mb or more:
doc 1.2Mb
libs 3.4Mb
Flavors: r-oldrel-macos-arm64, r-oldrel-macos-x86_64