Last updated on 2025-05-22 05:51:16 CEST.
Flavor | Version | Tinstall | Tcheck | Ttotal | Status | Flags |
---|---|---|---|---|---|---|
r-devel-linux-x86_64-debian-clang | 0.1.7 | 5.32 | 51.93 | 57.25 | NOTE | |
r-devel-linux-x86_64-debian-gcc | 0.1.7 | 4.39 | 43.66 | 48.05 | NOTE | |
r-devel-linux-x86_64-fedora-clang | 0.1.7 | 91.31 | OK | |||
r-devel-linux-x86_64-fedora-gcc | 0.1.7 | 89.21 | OK | |||
r-devel-windows-x86_64 | 0.1.7 | 7.00 | 95.00 | 102.00 | OK | |
r-patched-linux-x86_64 | 0.1.7 | 6.25 | 50.03 | 56.28 | OK | |
r-release-linux-x86_64 | 0.1.7 | 5.26 | 50.11 | 55.37 | OK | |
r-release-macos-arm64 | 0.1.7 | 30.00 | OK | |||
r-release-macos-x86_64 | 0.1.7 | 41.00 | OK | |||
r-release-windows-x86_64 | 0.1.7 | 7.00 | 113.00 | 120.00 | OK | |
r-oldrel-macos-arm64 | 0.1.7 | 28.00 | OK | |||
r-oldrel-macos-x86_64 | 0.1.7 | 41.00 | OK | |||
r-oldrel-windows-x86_64 | 0.1.7 | 8.00 | 81.00 | 89.00 | OK |
Version: 0.1.7
Check: CRAN incoming feasibility
Result: NOTE
Maintainer: ‘Jongmin Lee <jongminlee9218@gmail.com>’
The Description field contains
H.-S. (2020) <arXiv:2003.02578>.
Please refer to arXiv e-prints via their arXiv DOI <doi:10.48550/arXiv.YYMM.NNNNN>.
Flavors: r-devel-linux-x86_64-debian-clang, r-devel-linux-x86_64-debian-gcc