Last updated on 2025-05-22 05:51:16 CEST.
Flavor | Version | Tinstall | Tcheck | Ttotal | Status | Flags |
---|---|---|---|---|---|---|
r-devel-linux-x86_64-debian-clang | 0.0.5 | 6.48 | 56.35 | 62.83 | NOTE | |
r-devel-linux-x86_64-debian-gcc | 0.0.5 | 4.19 | 42.65 | 46.84 | NOTE | |
r-devel-linux-x86_64-fedora-clang | 0.0.5 | 95.81 | NOTE | |||
r-devel-linux-x86_64-fedora-gcc | 0.0.5 | 107.88 | NOTE | |||
r-devel-windows-x86_64 | 0.0.5 | 10.00 | 112.00 | 122.00 | NOTE | |
r-patched-linux-x86_64 | 0.0.5 | 7.46 | 52.95 | 60.41 | NOTE | |
r-release-linux-x86_64 | 0.0.5 | 5.99 | 53.03 | 59.02 | NOTE | |
r-release-macos-arm64 | 0.0.5 | 41.00 | NOTE | |||
r-release-macos-x86_64 | 0.0.5 | 79.00 | NOTE | |||
r-release-windows-x86_64 | 0.0.5 | 11.00 | 132.00 | 143.00 | NOTE | |
r-oldrel-macos-arm64 | 0.0.5 | 41.00 | OK | |||
r-oldrel-macos-x86_64 | 0.0.5 | 65.00 | OK | |||
r-oldrel-windows-x86_64 | 0.0.5 | 11.00 | 98.00 | 109.00 | OK |
Version: 0.0.5
Check: DESCRIPTION meta-information
Result: NOTE
Missing dependency on R >= 4.1.0 because package code uses the pipe
|> or function shorthand \(...) syntax added in R 4.1.0.
File(s) using such syntax:
‘federov.R’
Flavors: r-devel-linux-x86_64-debian-clang, r-devel-linux-x86_64-debian-gcc, r-devel-linux-x86_64-fedora-clang, r-devel-linux-x86_64-fedora-gcc, r-devel-windows-x86_64, r-patched-linux-x86_64, r-release-linux-x86_64, r-release-macos-arm64, r-release-macos-x86_64, r-release-windows-x86_64