Last updated on 2025-05-22 05:51:16 CEST.
Flavor | Version | Tinstall | Tcheck | Ttotal | Status | Flags |
---|---|---|---|---|---|---|
r-devel-linux-x86_64-debian-clang | 1.3.0 | 11.57 | 56.10 | 67.67 | NOTE | |
r-devel-linux-x86_64-debian-gcc | 1.3.0 | 6.87 | 38.16 | 45.03 | NOTE | |
r-devel-linux-x86_64-fedora-clang | 1.3.0 | 105.58 | OK | |||
r-devel-linux-x86_64-fedora-gcc | 1.3.0 | 113.63 | OK | |||
r-devel-windows-x86_64 | 1.3.0 | 11.00 | 83.00 | 94.00 | OK | |
r-patched-linux-x86_64 | 1.3.0 | 10.81 | 50.79 | 61.60 | OK | |
r-release-linux-x86_64 | 1.3.0 | 8.71 | 51.97 | 60.68 | OK | |
r-release-macos-arm64 | 1.3.0 | 35.00 | OK | |||
r-release-macos-x86_64 | 1.3.0 | 66.00 | OK | |||
r-release-windows-x86_64 | 1.3.0 | 11.00 | 104.00 | 115.00 | OK | |
r-oldrel-macos-arm64 | 1.3.0 | 33.00 | OK | |||
r-oldrel-macos-x86_64 | 1.3.0 | 54.00 | OK | |||
r-oldrel-windows-x86_64 | 1.3.0 | 10.00 | 82.00 | 92.00 | OK |
Version: 1.3.0
Check: CRAN incoming feasibility
Result: NOTE
Maintainer: ‘Samuel Fernandes <samuelf@illinois.edu>’
Package CITATION file contains call(s) to old-style citEntry(). Please
use bibentry() instead.
Flavors: r-devel-linux-x86_64-debian-clang, r-devel-linux-x86_64-debian-gcc