Last updated on 2025-10-29 05:50:24 CET.
| Flavor | Version | Tinstall | Tcheck | Ttotal | Status | Flags | 
|---|---|---|---|---|---|---|
| r-devel-linux-x86_64-debian-clang | 1.1.0.1 | 2.35 | 34.70 | 37.05 | NOTE | |
| r-devel-linux-x86_64-debian-gcc | 1.1.0.1 | 1.63 | 25.94 | 27.57 | NOTE | |
| r-devel-linux-x86_64-fedora-clang | 1.1.0.1 | 55.57 | OK | |||
| r-devel-linux-x86_64-fedora-gcc | 1.1.0.1 | 54.92 | OK | |||
| r-devel-windows-x86_64 | 1.1.0.1 | 3.00 | 54.00 | 57.00 | OK | |
| r-patched-linux-x86_64 | 1.1.0.1 | 2.32 | 33.99 | 36.31 | OK | |
| r-release-linux-x86_64 | 1.1.0.1 | 2.47 | 33.20 | 35.67 | OK | |
| r-release-macos-arm64 | 1.1.0.1 | 1.00 | 31.00 | 32.00 | OK | |
| r-release-macos-x86_64 | 1.1.0.1 | 2.00 | 38.00 | 40.00 | OK | |
| r-release-windows-x86_64 | 1.1.0.1 | 3.00 | 60.00 | 63.00 | OK | |
| r-oldrel-macos-arm64 | 1.1.0.1 | 1.00 | 22.00 | 23.00 | OK | |
| r-oldrel-macos-x86_64 | 1.1.0.1 | 2.00 | 35.00 | 37.00 | OK | |
| r-oldrel-windows-x86_64 | 1.1.0.1 | 3.00 | 55.00 | 58.00 | OK | 
Version: 1.1.0.1
Check: CRAN incoming feasibility
Result: NOTE
  Maintainer: ‘Hanwen Huang <hanwenh.unc@gmail.com>’
  
  No Authors@R field in DESCRIPTION.
  Please add one, modifying
    Authors@R: c(person(given = "Hanwen",
                        family = "Huang",
                        role = c("aut", "cre"),
                        email = "hanwenh.unc@gmail.com"),
                 person(given = c("Yufeng", "Liu", "&", "J.", "S."),
                        family = "Marron",
                        role = "aut"))
  as necessary.
Flavors: r-devel-linux-x86_64-debian-clang, r-devel-linux-x86_64-debian-gcc