Last updated on 2025-05-22 05:51:15 CEST.
Flavor | Version | Tinstall | Tcheck | Ttotal | Status | Flags |
---|---|---|---|---|---|---|
r-devel-linux-x86_64-debian-clang | 0.2.7 | 1.98 | 26.86 | 28.84 | NOTE | |
r-devel-linux-x86_64-debian-gcc | 0.2.7 | 1.48 | 22.37 | 23.85 | NOTE | |
r-devel-linux-x86_64-fedora-clang | 0.2.7 | 46.65 | OK | |||
r-devel-linux-x86_64-fedora-gcc | 0.2.7 | 60.65 | OK | |||
r-devel-windows-x86_64 | 0.2.7 | 4.00 | 61.00 | 65.00 | OK | |
r-patched-linux-x86_64 | 0.2.7 | 1.92 | 26.36 | 28.28 | OK | |
r-release-linux-x86_64 | 0.2.7 | 2.36 | 26.11 | 28.47 | OK | |
r-release-macos-arm64 | 0.2.7 | 30.00 | OK | |||
r-release-macos-x86_64 | 0.2.7 | 45.00 | OK | |||
r-release-windows-x86_64 | 0.2.7 | 4.00 | 83.00 | 87.00 | OK | |
r-oldrel-macos-arm64 | 0.2.7 | 32.00 | OK | |||
r-oldrel-macos-x86_64 | 0.2.7 | 37.00 | OK | |||
r-oldrel-windows-x86_64 | 0.2.7 | 3.00 | 59.00 | 62.00 | OK |
Version: 0.2.7
Check: CRAN incoming feasibility
Result: NOTE
Maintainer: ‘Mark van der Loo <mark.vanderloo@gmail.com>’
No Authors@R field in DESCRIPTION.
Please add one, modifying
Authors@R: person(given = "Mark",
family = "van der Loo",
role = c("aut", "cre"),
email = "mark.vanderloo@gmail.com")
as necessary.
Flavors: r-devel-linux-x86_64-debian-clang, r-devel-linux-x86_64-debian-gcc