CRAN Package Check Results for Package secret

Last updated on 2025-05-22 05:51:15 CEST.

Flavor Version Tinstall Tcheck Ttotal Status Flags
r-devel-linux-x86_64-debian-clang 1.1.0 2.06 29.11 31.17 OK
r-devel-linux-x86_64-debian-gcc 1.1.0 1.65 23.31 24.96 OK
r-devel-linux-x86_64-fedora-clang 1.1.0 50.17 OK
r-devel-linux-x86_64-fedora-gcc 1.1.0 60.32 OK
r-devel-windows-x86_64 1.1.0 4.00 68.00 72.00 OK
r-patched-linux-x86_64 1.1.0 2.74 28.30 31.04 OK
r-release-linux-x86_64 1.1.0 2.47 28.02 30.49 OK
r-release-macos-arm64 1.1.0 38.00 OK
r-release-macos-x86_64 1.1.0 49.00 OK
r-release-windows-x86_64 1.1.0 4.00 99.00 103.00 OK
r-oldrel-macos-arm64 1.1.0 25.00 NOTE
r-oldrel-macos-x86_64 1.1.0 37.00 NOTE
r-oldrel-windows-x86_64 1.1.0 4.00 59.00 63.00 NOTE

Check Details

Version: 1.1.0
Check: LazyData
Result: NOTE 'LazyData' is specified without a 'data' directory Flavors: r-oldrel-macos-arm64, r-oldrel-macos-x86_64, r-oldrel-windows-x86_64