CRAN Package Check Results for Package sealasso

Last updated on 2025-05-22 05:51:15 CEST.

Flavor Version Tinstall Tcheck Ttotal Status Flags
r-devel-linux-x86_64-debian-clang 0.1-3 1.78 21.10 22.88 NOTE
r-devel-linux-x86_64-debian-gcc 0.1-3 1.49 17.42 18.91 NOTE
r-devel-linux-x86_64-fedora-clang 0.1-3 36.81 OK
r-devel-linux-x86_64-fedora-gcc 0.1-3 47.29 OK
r-devel-windows-x86_64 0.1-3 3.00 56.00 59.00 OK
r-patched-linux-x86_64 0.1-3 1.81 20.74 22.55 OK
r-release-linux-x86_64 0.1-3 1.76 20.28 22.04 OK
r-release-macos-arm64 0.1-3 37.00 OK
r-release-macos-x86_64 0.1-3 40.00 OK
r-release-windows-x86_64 0.1-3 3.00 53.00 56.00 OK
r-oldrel-macos-arm64 0.1-3 21.00 OK
r-oldrel-macos-x86_64 0.1-3 31.00 OK
r-oldrel-windows-x86_64 0.1-3 3.00 49.00 52.00 OK

Check Details

Version: 0.1-3
Check: CRAN incoming feasibility
Result: NOTE Maintainer: ‘Wei Qian <weiqian@stat.umn.edu>’ No Authors@R field in DESCRIPTION. Please add one, modifying Authors@R: person(given = "Wei", family = "Qian", role = c("aut", "cre"), email = "weiqian@stat.umn.edu") as necessary. Flavors: r-devel-linux-x86_64-debian-clang, r-devel-linux-x86_64-debian-gcc