Last updated on 2025-05-22 05:51:14 CEST.
Flavor | Version | Tinstall | Tcheck | Ttotal | Status | Flags |
---|---|---|---|---|---|---|
r-devel-linux-x86_64-debian-clang | 1.1-4 | 10.74 | 82.70 | 93.44 | NOTE | |
r-devel-linux-x86_64-debian-gcc | 1.1-4 | 6.93 | 58.98 | 65.91 | NOTE | |
r-devel-linux-x86_64-fedora-clang | 1.1-4 | 145.59 | NOTE | |||
r-devel-linux-x86_64-fedora-gcc | 1.1-4 | 149.65 | NOTE | |||
r-devel-windows-x86_64 | 1.1-4 | 12.00 | 122.00 | 134.00 | NOTE | |
r-patched-linux-x86_64 | 1.1-4 | 10.59 | 80.29 | 90.88 | NOTE | |
r-release-linux-x86_64 | 1.1-4 | 9.97 | 79.40 | 89.37 | NOTE | |
r-release-macos-arm64 | 1.1-4 | 50.00 | NOTE | |||
r-release-macos-x86_64 | 1.1-4 | 93.00 | NOTE | |||
r-release-windows-x86_64 | 1.1-4 | 13.00 | 149.00 | 162.00 | NOTE | |
r-oldrel-macos-arm64 | 1.1-4 | 48.00 | NOTE | |||
r-oldrel-macos-x86_64 | 1.1-4 | 74.00 | NOTE | |||
r-oldrel-windows-x86_64 | 1.1-4 | 16.00 | 119.00 | 135.00 | NOTE |
Version: 1.1-4
Check: Rd files
Result: NOTE
checkRd: (-1) get.events.Rd:51: Lost braces
51 | code{\link[deSolve]{events}}
| ^
Flavors: r-devel-linux-x86_64-debian-clang, r-devel-linux-x86_64-debian-gcc, r-devel-linux-x86_64-fedora-clang, r-devel-linux-x86_64-fedora-gcc, r-devel-windows-x86_64, r-patched-linux-x86_64, r-release-linux-x86_64, r-release-macos-arm64, r-release-macos-x86_64, r-release-windows-x86_64, r-oldrel-macos-arm64, r-oldrel-macos-x86_64, r-oldrel-windows-x86_64