Last updated on 2025-05-22 05:51:14 CEST.
Flavor | Version | Tinstall | Tcheck | Ttotal | Status | Flags |
---|---|---|---|---|---|---|
r-devel-linux-x86_64-debian-clang | 1.0 | 1.88 | 28.27 | 30.15 | NOTE | |
r-devel-linux-x86_64-debian-gcc | 1.0 | 1.49 | 23.52 | 25.01 | NOTE | |
r-devel-linux-x86_64-fedora-clang | 1.0 | 47.23 | OK | |||
r-devel-linux-x86_64-fedora-gcc | 1.0 | 58.87 | OK | |||
r-devel-windows-x86_64 | 1.0 | 3.00 | 77.00 | 80.00 | OK | |
r-patched-linux-x86_64 | 1.0 | 2.04 | 26.41 | 28.45 | OK | |
r-release-linux-x86_64 | 1.0 | 1.81 | 26.75 | 28.56 | OK | |
r-release-macos-arm64 | 1.0 | 28.00 | OK | |||
r-release-macos-x86_64 | 1.0 | 48.00 | OK | |||
r-release-windows-x86_64 | 1.0 | 4.00 | 89.00 | 93.00 | OK | |
r-oldrel-macos-arm64 | 1.0 | 23.00 | OK | |||
r-oldrel-macos-x86_64 | 1.0 | 70.00 | OK | |||
r-oldrel-windows-x86_64 | 1.0 | 3.00 | 62.00 | 65.00 | OK |
Version: 1.0
Check: CRAN incoming feasibility
Result: NOTE
Maintainer: ‘Diana Trutschel <Diana.Trutschel@dzne.de>’
No Authors@R field in DESCRIPTION.
Please add one, modifying
Authors@R: c(person(given = "Diana",
family = "Trutschel",
role = c("aut", "cre"),
email = "diana.trutschel@dzne.de"),
person(given = "Hendrik",
family = "Treutler",
role = "aut"))
as necessary.
Flavors: r-devel-linux-x86_64-debian-clang, r-devel-linux-x86_64-debian-gcc