Last updated on 2025-05-22 05:51:14 CEST.
Flavor | Version | Tinstall | Tcheck | Ttotal | Status | Flags |
---|---|---|---|---|---|---|
r-devel-linux-x86_64-debian-clang | 1.0.1 | 2.66 | 94.20 | 96.86 | NOTE | |
r-devel-linux-x86_64-debian-gcc | 1.0.1 | 2.43 | 65.02 | 67.45 | NOTE | |
r-devel-linux-x86_64-fedora-clang | 1.0.1 | 153.38 | OK | |||
r-devel-linux-x86_64-fedora-gcc | 1.0.1 | 169.48 | OK | |||
r-devel-windows-x86_64 | 1.0.1 | 7.00 | 169.00 | 176.00 | OK | |
r-patched-linux-x86_64 | 1.0.1 | 2.83 | 93.63 | 96.46 | OK | |
r-release-linux-x86_64 | 1.0.1 | 2.65 | 101.63 | 104.28 | OK | |
r-release-macos-arm64 | 1.0.1 | 59.00 | OK | |||
r-release-macos-x86_64 | 1.0.1 | 147.00 | OK | |||
r-release-windows-x86_64 | 1.0.1 | 9.00 | 188.00 | 197.00 | OK | |
r-oldrel-macos-arm64 | 1.0.1 | 58.00 | OK | |||
r-oldrel-macos-x86_64 | 1.0.1 | 103.00 | OK | |||
r-oldrel-windows-x86_64 | 1.0.1 | 7.00 | 178.00 | 185.00 | OK |
Version: 1.0.1
Check: CRAN incoming feasibility
Result: NOTE
Maintainer: ‘Peter Hoff <peter.hoff@duke.edu>’
No Authors@R field in DESCRIPTION.
Please add one, modifying
Authors@R: c(person(given = "Peter",
family = "Hoff",
role = c("aut", "cre"),
email = "peter.hoff@duke.edu"),
person(given = "Alexander",
family = "Franks",
role = "aut"))
as necessary.
Flavors: r-devel-linux-x86_64-debian-clang, r-devel-linux-x86_64-debian-gcc