CRAN Package Check Results for Package rsparkling

Last updated on 2025-05-22 05:51:13 CEST.

Flavor Version Tinstall Tcheck Ttotal Status Flags
r-devel-linux-x86_64-debian-clang 0.2.19 6.34 38.89 45.23 OK
r-devel-linux-x86_64-debian-gcc 0.2.19 4.44 28.87 33.31 OK
r-devel-linux-x86_64-fedora-clang 0.2.19 71.63 NOTE
r-devel-linux-x86_64-fedora-gcc 0.2.19 66.08 NOTE
r-devel-windows-x86_64 0.2.19 7.00 57.00 64.00 OK
r-patched-linux-x86_64 0.2.19 5.42 36.50 41.92 OK
r-release-linux-x86_64 0.2.19 5.55 36.05 41.60 OK
r-release-macos-arm64 0.2.19 22.00 OK
r-release-macos-x86_64 0.2.19 43.00 OK
r-release-windows-x86_64 0.2.19 7.00 67.00 74.00 OK
r-oldrel-macos-arm64 0.2.19 26.00 NOTE
r-oldrel-macos-x86_64 0.2.19 32.00 NOTE
r-oldrel-windows-x86_64 0.2.19 9.00 56.00 65.00 NOTE

Check Details

Version: 0.2.19
Check: dependencies in R code
Result: NOTE Namespace in Imports field not imported from: ‘h2o’ All declared Imports should be used. Flavors: r-devel-linux-x86_64-fedora-clang, r-devel-linux-x86_64-fedora-gcc

Version: 0.2.19
Check: LazyData
Result: NOTE 'LazyData' is specified without a 'data' directory Flavors: r-oldrel-macos-arm64, r-oldrel-macos-x86_64, r-oldrel-windows-x86_64