Last updated on 2025-05-22 05:51:13 CEST.
Flavor | Version | Tinstall | Tcheck | Ttotal | Status | Flags |
---|---|---|---|---|---|---|
r-devel-linux-x86_64-debian-clang | 0.1.1 | 2.92 | 22.59 | 25.51 | NOTE | |
r-devel-linux-x86_64-debian-gcc | 0.1.1 | 2.35 | 18.08 | 20.43 | NOTE | |
r-devel-linux-x86_64-fedora-clang | 0.1.1 | 38.48 | NOTE | |||
r-devel-linux-x86_64-fedora-gcc | 0.1.1 | 37.24 | NOTE | |||
r-devel-windows-x86_64 | 0.1.1 | 8.00 | 76.00 | 84.00 | NOTE | |
r-patched-linux-x86_64 | 0.1.1 | 3.15 | 21.40 | 24.55 | NOTE | |
r-release-linux-x86_64 | 0.1.1 | 2.75 | 21.34 | 24.09 | NOTE | |
r-release-macos-arm64 | 0.1.1 | 20.00 | NOTE | |||
r-release-macos-x86_64 | 0.1.1 | 29.00 | NOTE | |||
r-release-windows-x86_64 | 0.1.1 | 10.00 | 81.00 | 91.00 | NOTE | |
r-oldrel-macos-arm64 | 0.1.1 | 18.00 | OK | |||
r-oldrel-macos-x86_64 | 0.1.1 | 26.00 | OK | |||
r-oldrel-windows-x86_64 | 0.1.1 | 8.00 | 52.00 | 60.00 | OK |
Version: 0.1.1
Check: DESCRIPTION meta-information
Result: NOTE
Missing dependency on R >= 4.1.0 because package code uses the pipe
|> or function shorthand \(...) syntax added in R 4.1.0.
File(s) using such syntax:
‘sort_tips.Rd’ ‘sort_tips.r’ ‘tips.r’ ‘validate_rankedPhylo.r’
Flavors: r-devel-linux-x86_64-debian-clang, r-devel-linux-x86_64-debian-gcc, r-devel-linux-x86_64-fedora-clang, r-devel-linux-x86_64-fedora-gcc, r-devel-windows-x86_64, r-patched-linux-x86_64, r-release-linux-x86_64, r-release-macos-arm64, r-release-macos-x86_64, r-release-windows-x86_64