Last updated on 2025-05-22 05:51:13 CEST.
Flavor | Version | Tinstall | Tcheck | Ttotal | Status | Flags |
---|---|---|---|---|---|---|
r-devel-linux-x86_64-debian-clang | 0.1.3 | 10.30 | 122.89 | 133.19 | NOTE | |
r-devel-linux-x86_64-debian-gcc | 0.1.3 | 6.10 | 81.54 | 87.64 | NOTE | |
r-devel-linux-x86_64-fedora-clang | 0.1.3 | 203.33 | OK | |||
r-devel-linux-x86_64-fedora-gcc | 0.1.3 | 191.19 | OK | |||
r-devel-windows-x86_64 | 0.1.3 | 18.00 | 140.00 | 158.00 | NOTE | |
r-patched-linux-x86_64 | 0.1.3 | 8.24 | 107.21 | 115.45 | NOTE | |
r-release-linux-x86_64 | 0.1.3 | 9.42 | 108.01 | 117.43 | NOTE | |
r-release-macos-arm64 | 0.1.3 | 60.00 | OK | |||
r-release-macos-x86_64 | 0.1.3 | 105.00 | OK | |||
r-release-windows-x86_64 | 0.1.3 | 16.00 | 117.00 | 133.00 | NOTE | |
r-oldrel-macos-arm64 | 0.1.3 | 63.00 | OK | |||
r-oldrel-macos-x86_64 | 0.1.3 | 90.00 | OK | |||
r-oldrel-windows-x86_64 | 0.1.3 | 19.00 | 150.00 | 169.00 | OK |
Version: 0.1.3
Check: Rd cross-references
Result: NOTE
Found the following Rd file(s) with Rd \link{} targets missing package
anchors:
RollingLDA.Rd: LDA
updateRollingLDA.Rd: LDA
Please provide package anchors for all Rd \link{} targets not in the
package itself and the base packages.
Flavors: r-devel-linux-x86_64-debian-clang, r-devel-linux-x86_64-debian-gcc, r-devel-windows-x86_64, r-patched-linux-x86_64, r-release-linux-x86_64, r-release-windows-x86_64