Last updated on 2025-05-22 05:51:13 CEST.
Flavor | Version | Tinstall | Tcheck | Ttotal | Status | Flags |
---|---|---|---|---|---|---|
r-devel-linux-x86_64-debian-clang | 1.3 | 123.53 | 24.34 | 147.87 | OK | |
r-devel-linux-x86_64-debian-gcc | 1.3 | 85.81 | 18.75 | 104.56 | OK | |
r-devel-linux-x86_64-fedora-clang | 1.3 | 309.25 | OK | |||
r-devel-linux-x86_64-fedora-gcc | 1.3 | 308.04 | OK | |||
r-devel-windows-x86_64 | 1.3 | 146.00 | 87.00 | 233.00 | OK | |
r-patched-linux-x86_64 | 1.3 | 127.33 | 23.43 | 150.76 | OK | |
r-release-linux-x86_64 | 1.3 | 126.61 | 23.25 | 149.86 | OK | |
r-release-macos-arm64 | 1.3 | 57.00 | OK | |||
r-release-macos-x86_64 | 1.3 | 62.00 | OK | |||
r-release-windows-x86_64 | 1.3 | 145.00 | 109.00 | 254.00 | OK | |
r-oldrel-macos-arm64 | 1.3 | 64.00 | NOTE | |||
r-oldrel-macos-x86_64 | 1.3 | 68.00 | NOTE | |||
r-oldrel-windows-x86_64 | 1.2 | 168.00 | 80.00 | 248.00 | OK |
Version: 1.3
Check: installed package size
Result: NOTE
installed size is 7.1Mb
sub-directories of 1Mb or more:
libs 6.9Mb
Flavors: r-oldrel-macos-arm64, r-oldrel-macos-x86_64