Last updated on 2025-05-22 05:51:13 CEST.
Flavor | Version | Tinstall | Tcheck | Ttotal | Status | Flags |
---|---|---|---|---|---|---|
r-devel-linux-x86_64-debian-clang | 0.2.2 | 13.81 | 21.48 | 35.29 | NOTE | |
r-devel-linux-x86_64-debian-gcc | 0.2.2 | 8.31 | 17.31 | 25.62 | NOTE | |
r-devel-linux-x86_64-fedora-clang | 0.2.2 | 58.78 | NOTE | |||
r-devel-linux-x86_64-fedora-gcc | 0.2.2 | 56.09 | NOTE | |||
r-devel-windows-x86_64 | 0.2.2 | 15.00 | 80.00 | 95.00 | NOTE | |
r-patched-linux-x86_64 | 0.2.2 | 10.92 | 20.58 | 31.50 | NOTE | |
r-release-linux-x86_64 | 0.2.2 | 10.56 | 20.60 | 31.16 | NOTE | |
r-release-macos-arm64 | 0.2.2 | 21.00 | NOTE | |||
r-release-macos-x86_64 | 0.2.2 | 36.00 | NOTE | |||
r-release-windows-x86_64 | 0.2.2 | 15.00 | 100.00 | 115.00 | NOTE | |
r-oldrel-macos-arm64 | 0.2.2 | 20.00 | NOTE | |||
r-oldrel-macos-x86_64 | 0.2.2 | 30.00 | NOTE | |||
r-oldrel-windows-x86_64 | 0.2.2 | 15.00 | 68.00 | 83.00 | NOTE |
Version: 0.2.2
Check: C++ specification
Result: NOTE
Specified C++11: please drop specification unless essential
Flavors: r-devel-linux-x86_64-debian-clang, r-devel-linux-x86_64-debian-gcc, r-devel-linux-x86_64-fedora-clang, r-devel-linux-x86_64-fedora-gcc, r-devel-windows-x86_64, r-patched-linux-x86_64, r-release-linux-x86_64, r-release-macos-arm64, r-release-macos-x86_64, r-release-windows-x86_64, r-oldrel-macos-arm64, r-oldrel-macos-x86_64, r-oldrel-windows-x86_64