Last updated on 2025-05-22 05:51:13 CEST.
Flavor | Version | Tinstall | Tcheck | Ttotal | Status | Flags |
---|---|---|---|---|---|---|
r-devel-linux-x86_64-debian-clang | 0.1.0 | 2.02 | 26.25 | 28.27 | OK | |
r-devel-linux-x86_64-debian-gcc | 0.1.0 | 1.63 | 21.00 | 22.63 | OK | |
r-devel-linux-x86_64-fedora-clang | 0.1.0 | 43.28 | OK | |||
r-devel-linux-x86_64-fedora-gcc | 0.1.0 | 41.00 | OK | |||
r-devel-windows-x86_64 | 0.1.0 | 4.00 | 69.00 | 73.00 | OK | |
r-patched-linux-x86_64 | 0.1.0 | 2.08 | 24.23 | 26.31 | OK | |
r-release-linux-x86_64 | 0.1.0 | 2.38 | 24.51 | 26.89 | OK | |
r-release-macos-arm64 | 0.1.0 | 19.00 | OK | |||
r-release-macos-x86_64 | 0.1.0 | 55.00 | OK | |||
r-release-windows-x86_64 | 0.1.0 | 3.00 | 78.00 | 81.00 | OK | |
r-oldrel-macos-arm64 | 0.1.0 | 18.00 | NOTE | |||
r-oldrel-macos-x86_64 | 0.1.0 | 36.00 | NOTE | |||
r-oldrel-windows-x86_64 | 0.1.0 | 4.00 | 54.00 | 58.00 | NOTE |
Version: 0.1.0
Check: LazyData
Result: NOTE
'LazyData' is specified without a 'data' directory
Flavors: r-oldrel-macos-arm64, r-oldrel-macos-x86_64, r-oldrel-windows-x86_64