Last updated on 2025-05-23 05:52:37 CEST.
Flavor | Version | Tinstall | Tcheck | Ttotal | Status | Flags |
---|---|---|---|---|---|---|
r-devel-linux-x86_64-debian-clang | 0.2.0 | 4.18 | 32.79 | 36.97 | OK | |
r-devel-linux-x86_64-debian-gcc | 0.2.0 | 2.79 | 24.69 | 27.48 | OK | |
r-devel-linux-x86_64-fedora-clang | 0.2.0 | 57.10 | OK | |||
r-devel-linux-x86_64-fedora-gcc | 0.2.0 | 54.28 | OK | |||
r-devel-windows-x86_64 | 0.2.0 | 7.00 | 99.00 | 106.00 | OK | |
r-patched-linux-x86_64 | 0.2.0 | 4.32 | 31.10 | 35.42 | OK | |
r-release-linux-x86_64 | 0.2.0 | 3.73 | 30.71 | 34.44 | OK | |
r-release-macos-arm64 | 0.2.0 | 21.00 | OK | |||
r-release-macos-x86_64 | 0.2.0 | 42.00 | OK | |||
r-release-windows-x86_64 | 0.2.0 | 6.00 | 83.00 | 89.00 | OK | |
r-oldrel-macos-arm64 | 0.2.0 | 21.00 | NOTE | |||
r-oldrel-macos-x86_64 | 0.2.0 | 31.00 | NOTE | |||
r-oldrel-windows-x86_64 | 0.2.0 | 7.00 | 57.00 | 64.00 | NOTE |
Version: 0.2.0
Check: LazyData
Result: NOTE
'LazyData' is specified without a 'data' directory
Flavors: r-oldrel-macos-arm64, r-oldrel-macos-x86_64, r-oldrel-windows-x86_64