CRAN Package Check Results for Package rexer

Last updated on 2025-05-22 05:51:12 CEST.

Flavor Version Tinstall Tcheck Ttotal Status Flags
r-devel-linux-x86_64-debian-clang 1.0.0 2.56 38.90 41.46 NOTE
r-devel-linux-x86_64-debian-gcc 1.0.0 1.86 29.81 31.67 NOTE
r-devel-linux-x86_64-fedora-clang 1.0.0 62.93 NOTE
r-devel-linux-x86_64-fedora-gcc 1.0.0 73.75 NOTE
r-devel-windows-x86_64 1.0.0 6.00 92.00 98.00 NOTE
r-patched-linux-x86_64 1.0.0 2.86 35.88 38.74 NOTE
r-release-linux-x86_64 1.0.0 2.35 35.44 37.79 NOTE
r-release-macos-arm64 1.0.0 30.00 NOTE
r-release-macos-x86_64 1.0.0 51.00 OK
r-release-windows-x86_64 1.0.0 5.00 96.00 101.00 NOTE
r-oldrel-macos-arm64 1.0.0 28.00 OK
r-oldrel-macos-x86_64 1.0.0 40.00 OK
r-oldrel-windows-x86_64 1.0.0 6.00 67.00 73.00 OK

Check Details

Version: 1.0.0
Check: DESCRIPTION meta-information
Result: NOTE Missing dependency on R >= 4.1.0 because package code uses the pipe |> or function shorthand \(...) syntax added in R 4.1.0. File(s) using such syntax: ‘define_an_exercise.Rd’ ‘define_exercises.Rd’ ‘define_exercises_from_csv.Rd’ ‘define_exercises_from_excel.Rd’ Flavors: r-devel-linux-x86_64-debian-clang, r-devel-linux-x86_64-debian-gcc, r-devel-linux-x86_64-fedora-clang, r-devel-linux-x86_64-fedora-gcc, r-devel-windows-x86_64, r-patched-linux-x86_64, r-release-linux-x86_64, r-release-macos-arm64, r-release-windows-x86_64