Last updated on 2025-05-22 05:51:12 CEST.
Flavor | Version | Tinstall | Tcheck | Ttotal | Status | Flags |
---|---|---|---|---|---|---|
r-devel-linux-x86_64-debian-clang | 0.2.1 | 1.95 | 19.89 | 21.84 | OK | |
r-devel-linux-x86_64-debian-gcc | 0.2.1 | 1.58 | 16.50 | 18.08 | OK | |
r-devel-linux-x86_64-fedora-clang | 0.2.1 | 33.39 | OK | |||
r-devel-linux-x86_64-fedora-gcc | 0.2.1 | 32.18 | OK | |||
r-devel-windows-x86_64 | 0.2.1 | 3.00 | 56.00 | 59.00 | OK | |
r-patched-linux-x86_64 | 0.2.1 | 1.68 | 19.05 | 20.73 | OK | |
r-release-linux-x86_64 | 0.2.1 | 1.92 | 18.90 | 20.82 | OK | |
r-release-macos-arm64 | 0.2.1 | 15.00 | OK | |||
r-release-macos-x86_64 | 0.2.1 | 23.00 | OK | |||
r-release-windows-x86_64 | 0.2.1 | 4.00 | 78.00 | 82.00 | OK | |
r-oldrel-macos-arm64 | 0.2.1 | 13.00 | NOTE | |||
r-oldrel-macos-x86_64 | 0.2.1 | 25.00 | OK | |||
r-oldrel-windows-x86_64 | 0.2.1 | 3.00 | 46.00 | 49.00 | OK |
Version: 0.2.1
Check: package dependencies
Result: NOTE
Package suggested but not available for checking: ‘ccdata’
Flavor: r-oldrel-macos-arm64