Last updated on 2025-10-29 05:50:21 CET.
| Flavor | Version | Tinstall | Tcheck | Ttotal | Status | Flags |
|---|---|---|---|---|---|---|
| r-devel-linux-x86_64-debian-clang | 0.0.16 | 13.24 | 69.77 | 83.01 | OK | --no-tests |
| r-devel-linux-x86_64-debian-gcc | 0.0.16 | 8.45 | 49.91 | 58.36 | OK | --no-tests |
| r-devel-linux-x86_64-fedora-clang | 0.0.16 | 132.00 | 23.71 | 155.71 | OK | |
| r-devel-linux-x86_64-fedora-gcc | 0.0.16 | 73.00 | 64.63 | 137.63 | OK | |
| r-devel-windows-x86_64 | 0.0.16 | 14.00 | 68.00 | 82.00 | OK | --no-examples --no-tests --no-vignettes |
| r-patched-linux-x86_64 | 0.0.16 | 11.96 | 67.48 | 79.44 | OK | --no-tests |
| r-release-linux-x86_64 | 0.0.16 | 10.78 | 67.55 | 78.33 | OK | --no-tests |
| r-release-macos-arm64 | 0.0.16 | 7.00 | 41.00 | 48.00 | OK | |
| r-release-macos-x86_64 | 0.0.16 | 14.00 | 69.00 | 83.00 | OK | |
| r-release-windows-x86_64 | 0.0.16 | 1.00 | 8.00 | 9.00 | ERROR | --no-examples --no-tests --no-vignettes |
| r-oldrel-macos-arm64 | 0.0.16 | 6.00 | 46.00 | 52.00 | OK | |
| r-oldrel-macos-x86_64 | 0.0.16 | 12.00 | 93.00 | 105.00 | OK | |
| r-oldrel-windows-x86_64 | 0.0.16 | 1.00 | 9.00 | 10.00 | ERROR | --no-examples --no-tests --no-vignettes |
Version: 0.0.16
Flags: --no-examples --no-tests --no-vignettes
Check: whether package can be installed
Result: ERROR
Installation failed.
Flavors: r-release-windows-x86_64, r-oldrel-windows-x86_64