Last updated on 2025-05-22 05:51:12 CEST.
Flavor | Version | Tinstall | Tcheck | Ttotal | Status | Flags |
---|---|---|---|---|---|---|
r-devel-linux-x86_64-debian-clang | 1.1.5 | 5.59 | 60.30 | 65.89 | NOTE | |
r-devel-linux-x86_64-debian-gcc | 1.1.5 | 3.64 | 43.65 | 47.29 | NOTE | |
r-devel-linux-x86_64-fedora-clang | 1.1.5 | 109.84 | OK | |||
r-devel-linux-x86_64-fedora-gcc | 1.1.5 | 111.10 | OK | |||
r-devel-windows-x86_64 | 1.1.5 | 5.00 | 100.00 | 105.00 | OK | |
r-patched-linux-x86_64 | 1.1.5 | 5.56 | 56.93 | 62.49 | OK | |
r-release-linux-x86_64 | 1.1.5 | 5.69 | 56.49 | 62.18 | OK | |
r-release-macos-arm64 | 1.1.5 | 28.00 | OK | |||
r-release-macos-x86_64 | 1.1.5 | 57.00 | OK | |||
r-release-windows-x86_64 | 1.1.5 | 6.00 | 124.00 | 130.00 | OK | |
r-oldrel-macos-arm64 | 1.1.5 | 27.00 | OK | |||
r-oldrel-macos-x86_64 | 1.1.5 | 47.00 | OK | |||
r-oldrel-windows-x86_64 | 1.1.5 | 6.00 | 97.00 | 103.00 | OK |
Version: 1.1.5
Check: CRAN incoming feasibility
Result: NOTE
Maintainer: ‘Sean Turner <swd.turner@gmail.com>’
Package CITATION file contains call(s) to old-style citEntry(). Please
use bibentry() instead.
Flavors: r-devel-linux-x86_64-debian-clang, r-devel-linux-x86_64-debian-gcc