CRAN Package Check Results for Package reglogit

Last updated on 2025-05-22 05:51:12 CEST.

Flavor Version Tinstall Tcheck Ttotal Status Flags
r-devel-linux-x86_64-debian-clang 1.2-7 8.13 60.08 68.21 NOTE
r-devel-linux-x86_64-debian-gcc 1.2-7 6.63 45.98 52.61 NOTE
r-devel-linux-x86_64-fedora-clang 1.2-7 100.08 OK
r-devel-linux-x86_64-fedora-gcc 1.2-7 95.74 OK
r-devel-windows-x86_64 1.2-7 14.00 96.00 110.00 NOTE
r-patched-linux-x86_64 1.2-7 8.20 57.05 65.25 NOTE
r-release-linux-x86_64 1.2-7 7.62 57.66 65.28 NOTE
r-release-macos-arm64 1.2-7 40.00 OK
r-release-macos-x86_64 1.2-7 61.00 OK
r-release-windows-x86_64 1.2-7 14.00 113.00 127.00 NOTE
r-oldrel-macos-arm64 1.2-7 35.00 OK
r-oldrel-macos-x86_64 1.2-7 61.00 OK
r-oldrel-windows-x86_64 1.2-7 16.00 91.00 107.00 OK

Check Details

Version: 1.2-7
Check: CRAN incoming feasibility
Result: NOTE Maintainer: ‘Robert B. Gramacy <rbg@vt.edu>’ No Authors@R field in DESCRIPTION. Please add one, modifying Authors@R: person(given = c("Robert", "B."), family = "Gramacy", role = c("aut", "cre"), email = "rbg@vt.edu") as necessary. Flavors: r-devel-linux-x86_64-debian-clang, r-devel-linux-x86_64-debian-gcc

Version: 1.2-7
Check: Rd cross-references
Result: NOTE Found the following Rd file(s) with Rd \link{} targets missing package anchors: reglogit.Rd: Matrix Please provide package anchors for all Rd \link{} targets not in the package itself and the base packages. Flavors: r-devel-linux-x86_64-debian-clang, r-devel-linux-x86_64-debian-gcc, r-devel-windows-x86_64, r-patched-linux-x86_64, r-release-linux-x86_64, r-release-windows-x86_64