Last updated on 2025-05-23 05:52:37 CEST.
Flavor | Version | Tinstall | Tcheck | Ttotal | Status | Flags |
---|---|---|---|---|---|---|
r-devel-linux-x86_64-debian-clang | 2.0.2 | 13.69 | 150.82 | 164.51 | OK | |
r-devel-linux-x86_64-debian-gcc | 2.0.2 | 9.28 | 103.44 | 112.72 | OK | |
r-devel-linux-x86_64-fedora-clang | 2.0.2 | 8.14 | ERROR | |||
r-devel-linux-x86_64-fedora-gcc | 2.0.2 | 274.82 | OK | |||
r-devel-windows-x86_64 | 2.0.2 | 17.00 | 141.00 | 158.00 | OK | |
r-patched-linux-x86_64 | 2.0.2 | 13.71 | 143.45 | 157.16 | OK | |
r-release-linux-x86_64 | 2.0.2 | 13.89 | 145.47 | 159.36 | OK | |
r-release-macos-arm64 | 2.0.2 | 71.00 | OK | |||
r-release-macos-x86_64 | 2.0.2 | 141.00 | OK | |||
r-release-windows-x86_64 | 2.0.2 | 15.00 | 143.00 | 158.00 | OK | |
r-oldrel-macos-arm64 | 2.0.2 | 83.00 | OK | |||
r-oldrel-macos-x86_64 | 2.0.2 | 132.00 | OK | |||
r-oldrel-windows-x86_64 | 2.0.2 | 18.00 | 180.00 | 198.00 | OK |
Version: 2.0.2
Check: whether package can be installed
Result: ERROR
Installation failed.
Flavor: r-devel-linux-x86_64-fedora-clang