Last updated on 2025-05-23 05:52:36 CEST.
Flavor | Version | Tinstall | Tcheck | Ttotal | Status | Flags |
---|---|---|---|---|---|---|
r-devel-linux-x86_64-debian-clang | 1.0.0 | 2.69 | 19.83 | 22.52 | OK | |
r-devel-linux-x86_64-debian-gcc | 1.0.0 | 1.91 | 16.69 | 18.60 | OK | |
r-devel-linux-x86_64-fedora-clang | 1.0.0 | 36.71 | OK | |||
r-devel-linux-x86_64-fedora-gcc | 1.0.0 | 34.76 | OK | |||
r-devel-windows-x86_64 | 1.0.0 | 12.00 | 88.00 | 100.00 | OK | |
r-patched-linux-x86_64 | 1.0.0 | 2.55 | 19.00 | 21.55 | OK | |
r-release-linux-x86_64 | 1.0.0 | 2.60 | 18.93 | 21.53 | OK | |
r-release-macos-arm64 | 1.0.0 | 18.00 | OK | |||
r-release-macos-x86_64 | 1.0.0 | 36.00 | OK | |||
r-release-windows-x86_64 | 1.0.0 | 10.00 | 91.00 | 101.00 | OK | |
r-oldrel-macos-arm64 | 1.0.0 | 18.00 | NOTE | |||
r-oldrel-macos-x86_64 | 1.0.0 | 25.00 | NOTE | |||
r-oldrel-windows-x86_64 | 1.0.0 | 8.00 | 49.00 | 57.00 | NOTE |
Version: 1.0.0
Check: LazyData
Result: NOTE
'LazyData' is specified without a 'data' directory
Flavors: r-oldrel-macos-arm64, r-oldrel-macos-x86_64, r-oldrel-windows-x86_64