Last updated on 2025-05-22 05:51:11 CEST.
Flavor | Version | Tinstall | Tcheck | Ttotal | Status | Flags |
---|---|---|---|---|---|---|
r-devel-linux-x86_64-debian-clang | 0.3.3 | 2.33 | 21.41 | 23.74 | NOTE | |
r-devel-linux-x86_64-debian-gcc | 0.3.3 | 1.66 | 17.43 | 19.09 | NOTE | |
r-devel-linux-x86_64-fedora-clang | 0.3.3 | 35.91 | NOTE | |||
r-devel-linux-x86_64-fedora-gcc | 0.3.3 | 34.31 | NOTE | |||
r-devel-windows-x86_64 | 0.3.3 | 8.00 | 59.00 | 67.00 | NOTE | |
r-patched-linux-x86_64 | 0.3.3 | 1.73 | 19.39 | 21.12 | NOTE | |
r-release-linux-x86_64 | 0.3.3 | 3.48 | 19.35 | 22.83 | NOTE | |
r-release-macos-arm64 | 0.3.3 | 17.00 | NOTE | |||
r-release-macos-x86_64 | 0.3.3 | 29.00 | NOTE | |||
r-release-windows-x86_64 | 0.3.3 | 10.00 | 74.00 | 84.00 | NOTE | |
r-oldrel-macos-arm64 | 0.3.3 | 23.00 | NOTE | |||
r-oldrel-macos-x86_64 | 0.3.3 | 24.00 | NOTE | |||
r-oldrel-windows-x86_64 | 0.3.3 | 10.00 | 47.00 | 57.00 | NOTE |
Version: 0.3.3
Check: Rd files
Result: NOTE
checkRd: (-1) user_log_dir.Rd:48: Lost braces
48 | \\env{$XDG_CACHE_HOME} if defined
| ^
Flavors: r-devel-linux-x86_64-debian-clang, r-devel-linux-x86_64-debian-gcc, r-devel-linux-x86_64-fedora-clang, r-devel-linux-x86_64-fedora-gcc, r-devel-windows-x86_64, r-patched-linux-x86_64, r-release-linux-x86_64, r-release-macos-arm64, r-release-macos-x86_64, r-release-windows-x86_64, r-oldrel-macos-arm64, r-oldrel-macos-x86_64, r-oldrel-windows-x86_64