Last updated on 2025-05-22 05:51:11 CEST.
Flavor | Version | Tinstall | Tcheck | Ttotal | Status | Flags |
---|---|---|---|---|---|---|
r-devel-linux-x86_64-debian-clang | 0.0.6 | 4.79 | 38.18 | 42.97 | NOTE | |
r-devel-linux-x86_64-debian-gcc | 0.0.6 | 3.61 | 29.27 | 32.88 | NOTE | |
r-devel-linux-x86_64-fedora-clang | 0.0.6 | 66.27 | OK | |||
r-devel-linux-x86_64-fedora-gcc | 0.0.6 | 61.90 | OK | |||
r-devel-windows-x86_64 | 0.0.6 | 7.00 | 63.00 | 70.00 | OK | |
r-patched-linux-x86_64 | 0.0.6 | 4.39 | 34.91 | 39.30 | OK | |
r-release-linux-x86_64 | 0.0.6 | 4.59 | 35.15 | 39.74 | OK | |
r-release-macos-arm64 | 0.0.6 | 29.00 | OK | |||
r-release-macos-x86_64 | 0.0.6 | 43.00 | OK | |||
r-release-windows-x86_64 | 0.0.6 | 7.00 | 89.00 | 96.00 | OK | |
r-oldrel-macos-arm64 | 0.0.6 | 28.00 | OK | |||
r-oldrel-macos-x86_64 | 0.0.6 | 34.00 | OK | |||
r-oldrel-windows-x86_64 | 0.0.6 | 7.00 | 63.00 | 70.00 | OK |
Version: 0.0.6
Check: CRAN incoming feasibility
Result: NOTE
Maintainer: ‘Dirk Eddelbuettel <edd@debian.org>’
No Authors@R field in DESCRIPTION.
Please add one, modifying
Authors@R: person(given = "Dirk",
family = "Eddelbuettel",
role = c("aut", "cre"),
email = "edd@debian.org")
as necessary.
Flavors: r-devel-linux-x86_64-debian-clang, r-devel-linux-x86_64-debian-gcc