CRAN Package Check Results for Package proftools

Last updated on 2025-05-22 05:51:11 CEST.

Flavor Version Tinstall Tcheck Ttotal Status Flags
r-devel-linux-x86_64-debian-clang 0.99-3 4.95 75.68 80.63 NOTE
r-devel-linux-x86_64-debian-gcc 0.99-3 3.66 51.64 55.30 NOTE
r-devel-linux-x86_64-fedora-clang 0.99-3 131.84 NOTE
r-devel-linux-x86_64-fedora-gcc 0.99-3 138.51 NOTE
r-devel-windows-x86_64 0.99-3 6.00 123.00 129.00 NOTE
r-patched-linux-x86_64 0.99-3 4.58 72.01 76.59 NOTE
r-release-linux-x86_64 0.99-3 4.13 71.54 75.67 NOTE
r-release-macos-arm64 0.99-3 45.00 NOTE
r-release-macos-x86_64 0.99-3 89.00 NOTE
r-release-windows-x86_64 0.99-3 5.00 123.00 128.00 ERROR
r-oldrel-macos-arm64 0.99-3 44.00 NOTE
r-oldrel-macos-x86_64 0.99-3 129.00 NOTE
r-oldrel-windows-x86_64 0.99-3 6.00 122.00 128.00 NOTE

Additional issues

noSuggests

Check Details

Version: 0.99-3
Check: CRAN incoming feasibility
Result: NOTE Maintainer: ‘Luke Tierney <luke-tierney@uiowa.edu>’ No Authors@R field in DESCRIPTION. Please add one, modifying Authors@R: c(person(given = "Luke", family = "Tierney", role = c("aut", "cre"), email = "luke-tierney@uiowa.edu"), person(given = "Riad", family = "Jarjour", role = "aut")) as necessary. Flavors: r-devel-linux-x86_64-debian-clang, r-devel-linux-x86_64-debian-gcc

Version: 0.99-3
Check: Rd files
Result: NOTE checkRd: (-1) proftools-package.Rd:40: Lost braces 40 | by the code{kcachegrind} program available on some operating | ^ Flavors: r-devel-linux-x86_64-debian-clang, r-devel-linux-x86_64-debian-gcc, r-devel-linux-x86_64-fedora-clang, r-devel-linux-x86_64-fedora-gcc, r-devel-windows-x86_64, r-patched-linux-x86_64, r-release-linux-x86_64, r-release-macos-arm64, r-release-macos-x86_64, r-release-windows-x86_64, r-oldrel-macos-arm64, r-oldrel-macos-x86_64, r-oldrel-windows-x86_64

Version: 0.99-3
Check: re-building of vignette outputs
Result: ERROR Error(s) in re-building vignettes: --- re-building 'proftools.Rnw' using knitr Quitting from proftools.Rnw:243-245 [filteredCallGraph] Error: processing vignette 'proftools.Rnw' failed with diagnostics: argument to 'which' is not logical --- failed re-building 'proftools.Rnw' SUMMARY: processing the following file failed: 'proftools.Rnw' Error: Vignette re-building failed. Execution halted Flavor: r-release-windows-x86_64