CRAN Package Check Results for Package proclhmm

Last updated on 2025-05-22 05:51:11 CEST.

Flavor Version Tinstall Tcheck Ttotal Status Flags
r-devel-linux-x86_64-debian-clang 1.0.0 15.89 33.27 49.16 NOTE
r-devel-linux-x86_64-debian-gcc 1.0.0 11.55 25.53 37.08 NOTE
r-devel-linux-x86_64-fedora-clang 1.0.0 83.02 OK
r-devel-linux-x86_64-fedora-gcc 1.0.0 85.24 OK
r-devel-windows-x86_64 1.0.0 17.00 95.00 112.00 NOTE
r-patched-linux-x86_64 1.0.0 16.06 30.85 46.91 NOTE
r-release-linux-x86_64 1.0.0 16.11 30.22 46.33 NOTE
r-release-macos-arm64 1.0.0 33.00 OK
r-release-macos-x86_64 1.0.0 59.00 OK
r-release-windows-x86_64 1.0.0 17.00 118.00 135.00 NOTE
r-oldrel-macos-arm64 1.0.0 44.00 OK
r-oldrel-macos-x86_64 1.0.0 84.00 OK
r-oldrel-windows-x86_64 1.0.0 16.00 86.00 102.00 OK

Check Details

Version: 1.0.0
Check: Rd cross-references
Result: NOTE Found the following Rd file(s) with Rd \link{} targets missing package anchors: lhmm.Rd: statmod Please provide package anchors for all Rd \link{} targets not in the package itself and the base packages. Flavors: r-devel-linux-x86_64-debian-clang, r-devel-linux-x86_64-debian-gcc, r-devel-windows-x86_64, r-patched-linux-x86_64, r-release-linux-x86_64, r-release-windows-x86_64