Last updated on 2025-05-22 05:51:10 CEST.
Flavor | Version | Tinstall | Tcheck | Ttotal | Status | Flags |
---|---|---|---|---|---|---|
r-devel-linux-x86_64-debian-clang | 0.2.2 | 2.48 | 35.89 | 38.37 | OK | |
r-devel-linux-x86_64-debian-gcc | 0.2.2 | 1.91 | 28.40 | 30.31 | OK | |
r-devel-linux-x86_64-fedora-clang | 0.2.2 | 57.23 | OK | |||
r-devel-linux-x86_64-fedora-gcc | 0.2.2 | 67.80 | OK | |||
r-devel-windows-x86_64 | 0.2.2 | 4.00 | 65.00 | 69.00 | OK | |
r-patched-linux-x86_64 | 0.2.2 | 2.48 | 34.25 | 36.73 | OK | |
r-release-linux-x86_64 | 0.2.2 | 2.56 | 34.03 | 36.59 | OK | |
r-release-macos-arm64 | 0.2.2 | 25.00 | OK | |||
r-release-macos-x86_64 | 0.2.2 | 49.00 | OK | |||
r-release-windows-x86_64 | 0.2.2 | 3.00 | 83.00 | 86.00 | OK | |
r-oldrel-macos-arm64 | 0.2.2 | 24.00 | NOTE | |||
r-oldrel-macos-x86_64 | 0.2.2 | 36.00 | NOTE | |||
r-oldrel-windows-x86_64 | 0.2.2 | 3.00 | 55.00 | 58.00 | NOTE |
Version: 0.2.2
Check: LazyData
Result: NOTE
'LazyData' is specified without a 'data' directory
Flavors: r-oldrel-macos-arm64, r-oldrel-macos-x86_64, r-oldrel-windows-x86_64