Last updated on 2025-05-22 05:51:10 CEST.
Flavor | Version | Tinstall | Tcheck | Ttotal | Status | Flags |
---|---|---|---|---|---|---|
r-devel-linux-x86_64-debian-clang | 1.4.3 | 8.49 | 82.62 | 91.11 | OK | |
r-devel-linux-x86_64-debian-gcc | 1.4.3 | 5.13 | 60.08 | 65.21 | OK | |
r-devel-linux-x86_64-fedora-clang | 1.4.3 | 139.87 | NOTE | |||
r-devel-linux-x86_64-fedora-gcc | 1.4.3 | 136.10 | NOTE | |||
r-devel-windows-x86_64 | 1.4.3 | 12.00 | 121.00 | 133.00 | OK | |
r-patched-linux-x86_64 | 1.4.3 | 9.57 | 77.41 | 86.98 | OK | |
r-release-linux-x86_64 | 1.4.3 | 7.98 | 78.07 | 86.05 | OK | |
r-release-macos-arm64 | 1.4.3 | 44.00 | OK | |||
r-release-macos-x86_64 | 1.4.3 | 79.00 | OK | |||
r-release-windows-x86_64 | 1.4.3 | 13.00 | 137.00 | 150.00 | OK | |
r-oldrel-macos-arm64 | 1.4.3 | 54.00 | OK | |||
r-oldrel-macos-x86_64 | 1.4.3 | 86.00 | OK | |||
r-oldrel-windows-x86_64 | 1.4.2 | 9.00 | 75.00 | 84.00 | OK |
Version: 1.4.3
Check: dependencies in R code
Result: NOTE
Namespaces in Imports field not imported from:
‘bslib’ ‘shinyjs’
All declared Imports should be used.
Flavors: r-devel-linux-x86_64-fedora-clang, r-devel-linux-x86_64-fedora-gcc