Last updated on 2025-05-22 05:51:10 CEST.
Flavor | Version | Tinstall | Tcheck | Ttotal | Status | Flags |
---|---|---|---|---|---|---|
r-devel-linux-x86_64-debian-clang | 0.8.2 | 3.00 | 46.18 | 49.18 | NOTE | |
r-devel-linux-x86_64-debian-gcc | 0.8.2 | 2.27 | 34.85 | 37.12 | NOTE | |
r-devel-linux-x86_64-fedora-clang | 0.8.2 | 76.10 | NOTE | |||
r-devel-linux-x86_64-fedora-gcc | 0.8.2 | 87.14 | NOTE | |||
r-devel-windows-x86_64 | 0.8.2 | 6.00 | 77.00 | 83.00 | NOTE | |
r-patched-linux-x86_64 | 0.8.2 | 2.87 | 42.39 | 45.26 | NOTE | |
r-release-linux-x86_64 | 0.8.2 | 3.05 | 43.05 | 46.10 | NOTE | |
r-release-macos-arm64 | 0.8.2 | 35.00 | NOTE | |||
r-release-macos-x86_64 | 0.8.2 | 79.00 | NOTE | |||
r-release-windows-x86_64 | 0.8.2 | 7.00 | 0.00 | 7.00 | FAIL | |
r-oldrel-macos-arm64 | 0.8.2 | 38.00 | NOTE | |||
r-oldrel-macos-x86_64 | 0.8.2 | 75.00 | NOTE | |||
r-oldrel-windows-x86_64 | 0.8.2 | 6.00 | 75.00 | 81.00 | NOTE |
Version: 0.8.2
Check: package subdirectories
Result: NOTE
Problems with news in ‘NEWS.md’:
Cannot extract version info from the following section titles:
Fixed issues
Flavors: r-devel-linux-x86_64-debian-clang, r-devel-linux-x86_64-debian-gcc, r-devel-linux-x86_64-fedora-clang, r-devel-linux-x86_64-fedora-gcc, r-devel-windows-x86_64, r-patched-linux-x86_64, r-release-linux-x86_64, r-release-macos-arm64, r-release-macos-x86_64, r-release-windows-x86_64, r-oldrel-macos-arm64, r-oldrel-macos-x86_64, r-oldrel-windows-x86_64
Version: 0.8.2
Check: PDF version of manual
Result: FAIL
Check process probably crashed or hung up for 20 minutes ... killed
Most likely this happened in the example checks (?),
if not, ignore the following last lines of example output:
> ##D # get data on taxonomy
> ##D eppo_tabletools_taxo(test_names, eppo_token)
> ##D eppo_tabletools_taxo(token = eppo_token,
> ##D raw_eppocodes = c("XYLEFA", "1GRAF"),
> ##D use_raw_codes = TRUE)
> ##D
> ##D # get data on pests
> ##D eppo_tabletools_pests(test_names, eppo_token)
> ##D eppo_tabletools_pests(token = eppo_token,
> ##D raw_eppocodes = c("XYLEFA", "1GRAF"),
> ##D use_raw_codes = TRUE)
> ## End(Not run)
>
>
>
> ### * <FOOTER>
> ###
> cleanEx()
> options(digits = 7L)
> base::cat("Time elapsed: ", proc.time() - base::get("ptime", pos = 'CheckExEnv'),"\n")
Time elapsed: 0.56 0.08 0.65 NA NA
> grDevices::dev.off()
null device
1
> ###
> ### Local variables: ***
> ### mode: outline-minor ***
> ### outline-regexp: "\\(> \\)?### [*]+" ***
> ### End: ***
> quit('no')
======== End of example output (where/before crash/hang up occured ?) ========
Flavor: r-release-windows-x86_64
Version: 0.8.2
Check: LazyData
Result: NOTE
'LazyData' is specified without a 'data' directory
Flavors: r-oldrel-macos-arm64, r-oldrel-macos-x86_64, r-oldrel-windows-x86_64