CRAN Package Check Results for Package peramo

Last updated on 2025-05-22 05:51:09 CEST.

Flavor Version Tinstall Tcheck Ttotal Status Flags
r-devel-linux-x86_64-debian-clang 0.1.3 11.56 96.31 107.87 NOTE
r-devel-linux-x86_64-debian-gcc 0.1.3 8.49 67.21 75.70 NOTE
r-devel-linux-x86_64-fedora-clang 0.1.3 167.32 OK
r-devel-linux-x86_64-fedora-gcc 0.1.3 160.10 OK
r-devel-windows-x86_64 0.1.3 12.00 106.00 118.00 NOTE
r-patched-linux-x86_64 0.1.3 10.73 90.32 101.05 NOTE
r-release-linux-x86_64 0.1.3 10.06 90.32 100.38 NOTE
r-release-macos-arm64 0.1.3 46.00 OK
r-release-macos-x86_64 0.1.3 85.00 OK
r-release-windows-x86_64 0.1.3 13.00 106.00 119.00 NOTE
r-oldrel-macos-arm64 0.1.3 47.00 OK
r-oldrel-macos-x86_64 0.1.3 66.00 OK
r-oldrel-windows-x86_64 0.1.3 16.00 125.00 141.00 OK

Check Details

Version: 0.1.3
Check: Rd cross-references
Result: NOTE Found the following Rd file(s) with Rd \link{} targets missing package anchors: tw_complex.Rd: glmer, lmer Please provide package anchors for all Rd \link{} targets not in the package itself and the base packages. Flavors: r-devel-linux-x86_64-debian-clang, r-devel-linux-x86_64-debian-gcc, r-devel-windows-x86_64, r-patched-linux-x86_64, r-release-linux-x86_64, r-release-windows-x86_64