Last updated on 2025-05-22 05:51:09 CEST.
Flavor | Version | Tinstall | Tcheck | Ttotal | Status | Flags |
---|---|---|---|---|---|---|
r-devel-linux-x86_64-debian-clang | 0.9.0 | 120.71 | 328.51 | 449.22 | OK | |
r-devel-linux-x86_64-debian-gcc | 0.9.0 | 70.00 | 219.61 | 289.61 | OK | |
r-devel-linux-x86_64-fedora-clang | 0.9.0 | 681.77 | OK | |||
r-devel-linux-x86_64-fedora-gcc | 0.9.0 | 646.74 | OK | |||
r-devel-windows-x86_64 | 0.9.0 | 123.00 | 790.00 | 913.00 | OK | |
r-patched-linux-x86_64 | 0.9.0 | 138.21 | 305.28 | 443.49 | OK | |
r-release-linux-x86_64 | 0.9.0 | 108.02 | 302.73 | 410.75 | OK | |
r-release-macos-arm64 | 0.9.0 | 177.00 | OK | |||
r-release-macos-x86_64 | 0.9.0 | 350.00 | OK | |||
r-release-windows-x86_64 | 0.9.0 | 121.00 | 1015.00 | 1136.00 | OK | |
r-oldrel-macos-arm64 | 0.9.0 | 153.00 | NOTE | |||
r-oldrel-macos-x86_64 | 0.9.0 | 299.00 | NOTE | |||
r-oldrel-windows-x86_64 | 0.9.0 | 163.00 | 619.00 | 782.00 | NOTE |
Version: 0.9.0
Check: installed package size
Result: NOTE
installed size is 7.5Mb
sub-directories of 1Mb or more:
R 3.1Mb
help 4.2Mb
Flavors: r-oldrel-macos-arm64, r-oldrel-macos-x86_64, r-oldrel-windows-x86_64